{"id":6400,"date":"2025-07-02T09:01:10","date_gmt":"2025-07-02T07:01:10","guid":{"rendered":"https:\/\/www.maschseefest.de\/?post_type=cpt_veranstaltungen&#038;p=6400"},"modified":"2026-05-01T21:34:22","modified_gmt":"2026-05-01T19:34:22","slug":"poetry-slam-mit-special-act-julius-fischer","status":"archive","type":"cpt_veranstaltungen","link":"https:\/\/www.maschseefest.de\/cs\/veranstaltungen\/poetry-slam-mit-special-act-julius-fischer\/","title":{"rendered":"Poetry slam se speci\u00e1ln\u00edm akt\u00e9rem Juliusem Fischerem"},"author":7,"template":"","class_list":["post-6400","cpt_veranstaltungen","type-cpt_veranstaltungen","status-archive","hentry"],"_links":{"self":[{"href":"https:\/\/www.maschseefest.de\/cs\/wp-json\/wp\/v2\/cpt_veranstaltungen\/6400","targetHints":{"allow":["GET"]}}],"collection":[{"href":"https:\/\/www.maschseefest.de\/cs\/wp-json\/wp\/v2\/cpt_veranstaltungen"}],"about":[{"href":"https:\/\/www.maschseefest.de\/cs\/wp-json\/wp\/v2\/types\/cpt_veranstaltungen"}],"author":[{"embeddable":true,"href":"https:\/\/www.maschseefest.de\/cs\/wp-json\/wp\/v2\/users\/7"}],"wp:attachment":[{"href":"https:\/\/www.maschseefest.de\/cs\/wp-json\/wp\/v2\/media?parent=6400"}],"curies":[{"name":"wp","href":"https:\/\/api.w.org\/{rel}","templated":true}]}}

Poetry slam se speciálním aktérem Juliusem Fischerem
