{"id":6684,"date":"2025-07-02T11:54:07","date_gmt":"2025-07-02T09:54:07","guid":{"rendered":"https:\/\/www.maschseefest.de\/?post_type=cpt_veranstaltungen&#038;p=6684"},"modified":"2026-05-01T09:34:08","modified_gmt":"2026-05-01T07:34:08","slug":"antenne-after-work-party-2","status":"archive","type":"cpt_veranstaltungen","link":"https:\/\/www.maschseefest.de\/cs\/veranstaltungen\/antenne-after-work-party-2\/","title":{"rendered":"P\u00e1rty po pr\u00e1ci na ant\u00e9n\u011b"},"author":7,"template":"","class_list":["post-6684","cpt_veranstaltungen","type-cpt_veranstaltungen","status-archive","hentry"],"_links":{"self":[{"href":"https:\/\/www.maschseefest.de\/cs\/wp-json\/wp\/v2\/cpt_veranstaltungen\/6684","targetHints":{"allow":["GET"]}}],"collection":[{"href":"https:\/\/www.maschseefest.de\/cs\/wp-json\/wp\/v2\/cpt_veranstaltungen"}],"about":[{"href":"https:\/\/www.maschseefest.de\/cs\/wp-json\/wp\/v2\/types\/cpt_veranstaltungen"}],"author":[{"embeddable":true,"href":"https:\/\/www.maschseefest.de\/cs\/wp-json\/wp\/v2\/users\/7"}],"wp:attachment":[{"href":"https:\/\/www.maschseefest.de\/cs\/wp-json\/wp\/v2\/media?parent=6684"}],"curies":[{"name":"wp","href":"https:\/\/api.w.org\/{rel}","templated":true}]}}

Párty po práci na anténě
