{"id":6691,"date":"2025-07-02T11:59:28","date_gmt":"2025-07-02T09:59:28","guid":{"rendered":"https:\/\/www.maschseefest.de\/?post_type=cpt_veranstaltungen&#038;p=6691"},"modified":"2026-04-30T12:34:19","modified_gmt":"2026-04-30T10:34:19","slug":"antenne-after-work-party-6","status":"archive","type":"cpt_veranstaltungen","link":"https:\/\/www.maschseefest.de\/cs\/veranstaltungen\/antenne-after-work-party-6\/","title":{"rendered":"P\u00e1rty po pr\u00e1ci na ant\u00e9n\u011b"},"author":7,"template":"","class_list":["post-6691","cpt_veranstaltungen","type-cpt_veranstaltungen","status-archive","hentry"],"_links":{"self":[{"href":"https:\/\/www.maschseefest.de\/cs\/wp-json\/wp\/v2\/cpt_veranstaltungen\/6691","targetHints":{"allow":["GET"]}}],"collection":[{"href":"https:\/\/www.maschseefest.de\/cs\/wp-json\/wp\/v2\/cpt_veranstaltungen"}],"about":[{"href":"https:\/\/www.maschseefest.de\/cs\/wp-json\/wp\/v2\/types\/cpt_veranstaltungen"}],"author":[{"embeddable":true,"href":"https:\/\/www.maschseefest.de\/cs\/wp-json\/wp\/v2\/users\/7"}],"wp:attachment":[{"href":"https:\/\/www.maschseefest.de\/cs\/wp-json\/wp\/v2\/media?parent=6691"}],"curies":[{"name":"wp","href":"https:\/\/api.w.org\/{rel}","templated":true}]}}

Párty po práci na anténě
