{"id":3285,"date":"2024-07-11T13:40:18","date_gmt":"2024-07-11T11:40:18","guid":{"rendered":"http:\/\/web5.s149.goserver.host\/an-und-abreise\/nunav-copy\/"},"modified":"2024-07-11T16:59:41","modified_gmt":"2024-07-11T14:59:41","slug":"fahrrad","status":"publish","type":"page","link":"https:\/\/www.maschseefest.de\/cs\/an-und-abreise\/fahrrad\/","title":{"rendered":"Cestov\u00e1n\u00ed na kole"},"content":{"rendered":"<div data-elementor-type=\"wp-page\" data-elementor-id=\"3285\" class=\"elementor elementor-3285\" data-elementor-post-type=\"page\">\n\t\t\t\t<div class=\"elementor-element elementor-element-2bae53e e-flex e-con-boxed e-con e-parent\" data-id=\"2bae53e\" data-element_type=\"container\" data-e-type=\"container\">\n\t\t\t\t\t<div class=\"e-con-inner\">\n\t\t\t\t<div class=\"elementor-element elementor-element-19e148a elementor-widget elementor-widget-heading\" data-id=\"19e148a\" data-element_type=\"widget\" data-e-type=\"widget\" data-widget_type=\"heading.default\">\n\t\t\t\t<div class=\"elementor-widget-container\">\n\t\t\t\t\t<h3 class=\"elementor-heading-title elementor-size-default\">Nejekologi\u010dt\u011bj\u0161\u00ed zp\u016fsob cestov\u00e1n\u00ed je na dvou kolech<\/h3>\t\t\t\t<\/div>\n\t\t\t\t<\/div>\n\t\t\t\t<div class=\"elementor-element elementor-element-7b214a4 elementor-widget elementor-widget-heading\" data-id=\"7b214a4\" data-element_type=\"widget\" data-e-type=\"widget\" data-widget_type=\"heading.default\">\n\t\t\t\t<div class=\"elementor-widget-container\">\n\t\t\t\t\t<h3 class=\"elementor-heading-title elementor-size-default\">Tipy pro cestov\u00e1n\u00ed na kole<\/h3>\t\t\t\t<\/div>\n\t\t\t\t<\/div>\n\t\t\t\t<div class=\"elementor-element elementor-element-b6088b3 elementor-widget elementor-widget-text-editor\" data-id=\"b6088b3\" data-element_type=\"widget\" data-e-type=\"widget\" data-widget_type=\"text-editor.default\">\n\t\t\t\t<div class=\"elementor-widget-container\">\n\t\t\t\t\t\t\t\t\t<p>Pro Maschseefest 2024 (b\u011bhem v\u00fdstavby a demont\u00e1\u017ee a po dobu kon\u00e1n\u00ed samotn\u00e9ho Maschseefestu) bude cyklostezka vedouc\u00ed do m\u011bsta po v\u00fdchodn\u00ed stran\u011b Rudolf-von-Bennigsen-Ufer mezi Altenbekener Damm a Kurt-Schwitters-Platz p\u0159esunuta na vozovku. Vlastn\u00ed cyklostezka p\u0159\u00edmo u jezera Maschsee nebude po tuto dobu p\u0159\u00edstupn\u00e1.<\/p><p><strong>Zde jsou um\u00edst\u011bny stojany na kola:<br \/><\/strong>\u00a0\u00a0\u00a0 Karl-Thiele-Weg (d\u011btsk\u00e1 louka)<br \/>\u00a0\u00a0\u00a0 Mezi pivn\u00ed zahr\u00e1dkou u jezera a d\u011btskou loukou<br \/>\u00a0\u00a0\u00a0 Sprengelovo muzeum<br \/>\u00a0\u00a0\u00a0 V\u00fd\u0161ka Geibelstra\u00dfe<br \/>\u00a0\u00a0\u00a0 Lion Bastion<br \/>\u00a0\u00a0\u00a0 Ji\u017en\u00ed b\u0159eh<br \/>\u00a0\u00a0\u00a0 Pramen Maschsee<\/p><p><strong>Tip:<\/strong> V S\u00fcdstadtu maj\u00ed j\u00edzdn\u00ed kola p\u0159ednost v j\u00edzd\u011b na jeden a p\u016fl kilometru. Alte D\u00f6hrener Stra\u00dfe mezi ulicemi Altenbekener Damm a B\u00fcrgemeister-Fink-Stra\u00dfe je ozna\u010dena jako cyklostezka - stejn\u011b jako sousedn\u00ed ulice Meterstra\u00dfe a Maschstra\u00dfe na severu.<\/p><p><strong>Upozorn\u011bn\u00ed:<\/strong> Je tak\u00e9 zak\u00e1z\u00e1no jezdit na kole pod vlivem alkoholu. V p\u0159\u00edpad\u011b pochybnost\u00ed tla\u010dte kolo dom\u016f!<\/p>\t\t\t\t\t\t\t\t<\/div>\n\t\t\t\t<\/div>\n\t\t\t\t<div class=\"elementor-element elementor-element-e1b4dac elementor-widget elementor-widget-image\" data-id=\"e1b4dac\" data-element_type=\"widget\" data-e-type=\"widget\" data-widget_type=\"image.default\">\n\t\t\t\t<div class=\"elementor-widget-container\">\n\t\t\t\t\t\t\t\t\t\t\t\t\t\t\t<img fetchpriority=\"high\" decoding=\"async\" width=\"2048\" height=\"1318\" src=\"https:\/\/www.maschseefest.de\/wp-content\/uploads\/2024\/07\/Radfahren-in-Hannover_Lars-Gerhardts-89-2048x1318.jpg\" class=\"attachment-2048x2048 size-2048x2048 wp-image-1691\" alt=\"Fahrradfahrerin von hinten f\u00e4hrt auf dem Radweg am Ostufer des Maschsees\" srcset=\"https:\/\/www.maschseefest.de\/wp-content\/uploads\/2024\/07\/Radfahren-in-Hannover_Lars-Gerhardts-89-2048x1318.jpg 2048w, https:\/\/www.maschseefest.de\/wp-content\/uploads\/2024\/07\/Radfahren-in-Hannover_Lars-Gerhardts-89-300x193.jpg 300w, https:\/\/www.maschseefest.de\/wp-content\/uploads\/2024\/07\/Radfahren-in-Hannover_Lars-Gerhardts-89-1024x659.jpg 1024w, https:\/\/www.maschseefest.de\/wp-content\/uploads\/2024\/07\/Radfahren-in-Hannover_Lars-Gerhardts-89-768x494.jpg 768w, https:\/\/www.maschseefest.de\/wp-content\/uploads\/2024\/07\/Radfahren-in-Hannover_Lars-Gerhardts-89-1536x988.jpg 1536w\" sizes=\"(max-width: 2048px) 100vw, 2048px\" \/>\t\t\t\t\t\t\t\t\t\t\t\t\t\t\t<\/div>\n\t\t\t\t<\/div>\n\t\t\t\t\t<\/div>\n\t\t\t\t<\/div>\n\t\t\t\t<\/div>","protected":false},"excerpt":{"rendered":"<p>Auto stehen lassen Reist m\u00f6glichst mit \u00f6ffentlichen Verkehrsmitteln an! Reist gem\u00fctlich mit MOIA oder dem Taxi an- oder ab und genie\u00dft das Maschseefest ohne l\u00e4stige Parkplatzsuche. Mit MOIA gelangt ihr entspannt zum Fest \u2013 rund um den See gibt es mehrere Haltepunkte Anreise mit MOIA So nah ans Fest, wie es nur geht: Bucht euer [&hellip;]<\/p>\n","protected":false},"author":4,"featured_media":1693,"parent":1126,"menu_order":0,"comment_status":"closed","ping_status":"closed","template":"","meta":{"footnotes":""},"class_list":["post-3285","page","type-page","status-publish","has-post-thumbnail","hentry"],"_links":{"self":[{"href":"https:\/\/www.maschseefest.de\/cs\/wp-json\/wp\/v2\/pages\/3285","targetHints":{"allow":["GET"]}}],"collection":[{"href":"https:\/\/www.maschseefest.de\/cs\/wp-json\/wp\/v2\/pages"}],"about":[{"href":"https:\/\/www.maschseefest.de\/cs\/wp-json\/wp\/v2\/types\/page"}],"author":[{"embeddable":true,"href":"https:\/\/www.maschseefest.de\/cs\/wp-json\/wp\/v2\/users\/4"}],"replies":[{"embeddable":true,"href":"https:\/\/www.maschseefest.de\/cs\/wp-json\/wp\/v2\/comments?post=3285"}],"version-history":[{"count":19,"href":"https:\/\/www.maschseefest.de\/cs\/wp-json\/wp\/v2\/pages\/3285\/revisions"}],"predecessor-version":[{"id":3459,"href":"https:\/\/www.maschseefest.de\/cs\/wp-json\/wp\/v2\/pages\/3285\/revisions\/3459"}],"up":[{"embeddable":true,"href":"https:\/\/www.maschseefest.de\/cs\/wp-json\/wp\/v2\/pages\/1126"}],"wp:featuredmedia":[{"embeddable":true,"href":"https:\/\/www.maschseefest.de\/cs\/wp-json\/wp\/v2\/media\/1693"}],"wp:attachment":[{"href":"https:\/\/www.maschseefest.de\/cs\/wp-json\/wp\/v2\/media?parent=3285"}],"curies":[{"name":"wp","href":"https:\/\/api.w.org\/{rel}","templated":true}]}}

Cestování na kole

<div data-elementor-type="wp-page" data-elementor-id="3285" class="elementor elementor-3285" data-elementor-post-type="page">
				<div class="elementor-element elementor-element-2bae53e e-flex e-con-boxed e-con e-parent" data-id="2bae53e" data-element_type="container" data-e-type="container">
					<div class="e-con-inner">
				<div class="elementor-element elementor-element-19e148a elementor-widget elementor-widget-heading" data-id="19e148a" data-element_type="widget" data-e-type="widget" data-widget_type="heading.default">
				<div class="elementor-widget-container">
					<h3 class="elementor-heading-title elementor-size-default">Nejekologičtější způsob cestování je na dvou kolech</h3>				</div>
				</div>
				<div class="elementor-element elementor-element-7b214a4 elementor-widget elementor-widget-heading" data-id="7b214a4" data-element_type="widget" data-e-type="widget" data-widget_type="heading.default">
				<div class="elementor-widget-container">
					<h3 class="elementor-heading-title elementor-size-default">Tipy pro cestování na kole</h3>				</div>
				</div>
				<div class="elementor-element elementor-element-b6088b3 elementor-widget elementor-widget-text-editor" data-id="b6088b3" data-element_type="widget" data-e-type="widget" data-widget_type="text-editor.default">
				<div class="elementor-widget-container">
									<p>Pro Maschseefest 2024 (během výstavby a demontáže a po dobu konání samotného Maschseefestu) bude cyklostezka vedoucí do města po východní straně Rudolf-von-Bennigsen-Ufer mezi Altenbekener Damm a Kurt-Schwitters-Platz přesunuta na vozovku. Vlastní cyklostezka přímo u jezera Maschsee nebude po tuto dobu přístupná.</p><p><strong>Zde jsou umístěny stojany na kola:<br /></strong>    Karl-Thiele-Weg (dětská louka)<br />    Mezi pivní zahrádkou u jezera a dětskou loukou<br />    Sprengelovo muzeum<br />    Výška Geibelstraße<br />    Lion Bastion<br />    Jižní břeh<br />    Pramen Maschsee</p><p><strong>Tip:</strong> V Südstadtu mají jízdní kola přednost v jízdě na jeden a půl kilometru. Alte Döhrener Straße mezi ulicemi Altenbekener Damm a Bürgemeister-Fink-Straße je označena jako cyklostezka - stejně jako sousední ulice Meterstraße a Maschstraße na severu.</p><p><strong>Upozornění:</strong> Je také zakázáno jezdit na kole pod vlivem alkoholu. V případě pochybností tlačte kolo domů!</p>								</div>
				</div>
				<div class="elementor-element elementor-element-e1b4dac elementor-widget elementor-widget-image" data-id="e1b4dac" data-element_type="widget" data-e-type="widget" data-widget_type="image.default">
				<div class="elementor-widget-container">
															<img fetchpriority="high" decoding="async" width="2048" height="1318" src="https://www.maschseefest.de/wp-content/uploads/2024/07/Radfahren-in-Hannover_Lars-Gerhardts-89-2048x1318.jpg" class="attachment-2048x2048 size-2048x2048 wp-image-1691" alt="Fahrradfahrerin von hinten fährt auf dem Radweg am Ostufer des Maschsees" srcset="https://www.maschseefest.de/wp-content/uploads/2024/07/Radfahren-in-Hannover_Lars-Gerhardts-89-2048x1318.jpg 2048w, https://www.maschseefest.de/wp-content/uploads/2024/07/Radfahren-in-Hannover_Lars-Gerhardts-89-300x193.jpg 300w, https://www.maschseefest.de/wp-content/uploads/2024/07/Radfahren-in-Hannover_Lars-Gerhardts-89-1024x659.jpg 1024w, https://www.maschseefest.de/wp-content/uploads/2024/07/Radfahren-in-Hannover_Lars-Gerhardts-89-768x494.jpg 768w, https://www.maschseefest.de/wp-content/uploads/2024/07/Radfahren-in-Hannover_Lars-Gerhardts-89-1536x988.jpg 1536w" sizes="(max-width: 2048px) 100vw, 2048px" />															</div>
				</div>
					</div>
				</div>
				</div>

<p>Auto stehen lassen Reist möglichst mit öffentlichen Verkehrsmitteln an! Reist gemütlich mit MOIA oder dem Taxi an- oder ab und genießt das Maschseefest ohne lästige Parkplatzsuche. Mit MOIA gelangt ihr entspannt zum Fest – rund um den See gibt es mehrere Haltepunkte Anreise mit MOIA So nah ans Fest, wie es nur geht: Bucht euer [&hellip;]</p>
