{"id":3285,"date":"2024-07-11T13:40:18","date_gmt":"2024-07-11T11:40:18","guid":{"rendered":"http:\/\/web5.s149.goserver.host\/an-und-abreise\/nunav-copy\/"},"modified":"2024-07-11T16:59:41","modified_gmt":"2024-07-11T14:59:41","slug":"fahrrad","status":"publish","type":"page","link":"https:\/\/www.maschseefest.de\/da\/an-und-abreise\/fahrrad\/","title":{"rendered":"Rejser p\u00e5 cykel"},"content":{"rendered":"<div data-elementor-type=\"wp-page\" data-elementor-id=\"3285\" class=\"elementor elementor-3285\" data-elementor-post-type=\"page\">\n\t\t\t\t<div class=\"elementor-element elementor-element-2bae53e e-flex e-con-boxed e-con e-parent\" data-id=\"2bae53e\" data-element_type=\"container\" data-e-type=\"container\">\n\t\t\t\t\t<div class=\"e-con-inner\">\n\t\t\t\t<div class=\"elementor-element elementor-element-19e148a elementor-widget elementor-widget-heading\" data-id=\"19e148a\" data-element_type=\"widget\" data-e-type=\"widget\" data-widget_type=\"heading.default\">\n\t\t\t\t<div class=\"elementor-widget-container\">\n\t\t\t\t\t<h3 class=\"elementor-heading-title elementor-size-default\">Den mest milj\u00f8venlige m\u00e5de at rejse p\u00e5 er p\u00e5 to hjul<\/h3>\t\t\t\t<\/div>\n\t\t\t\t<\/div>\n\t\t\t\t<div class=\"elementor-element elementor-element-7b214a4 elementor-widget elementor-widget-heading\" data-id=\"7b214a4\" data-element_type=\"widget\" data-e-type=\"widget\" data-widget_type=\"heading.default\">\n\t\t\t\t<div class=\"elementor-widget-container\">\n\t\t\t\t\t<h3 class=\"elementor-heading-title elementor-size-default\">Tips til at rejse p\u00e5 cykel<\/h3>\t\t\t\t<\/div>\n\t\t\t\t<\/div>\n\t\t\t\t<div class=\"elementor-element elementor-element-b6088b3 elementor-widget elementor-widget-text-editor\" data-id=\"b6088b3\" data-element_type=\"widget\" data-e-type=\"widget\" data-widget_type=\"text-editor.default\">\n\t\t\t\t<div class=\"elementor-widget-container\">\n\t\t\t\t\t\t\t\t\t<p>I forbindelse med Maschseefest 2024 (under opbygning og nedtagning samt under selve Maschseefest) flyttes cykelstien, der f\u00f8rer ind i byen p\u00e5 \u00f8stsiden af Rudolf-von-Bennigsen-Ufer mellem Altenbekener Damm og Kurt-Schwitters-Platz, ud p\u00e5 k\u00f8rebanen. Den egentlige cykelsti direkte p\u00e5 Maschsee vil ikke v\u00e6re tilg\u00e6ngelig i dette tidsrum.<\/p><p><strong>Cykelstativerne er placeret her:<br \/><\/strong>\u00a0\u00a0\u00a0 Karl-Thiele-Weg (b\u00f8rnenes eng)<br \/>\u00a0\u00a0\u00a0 Mellem \u00f8lhaven ved s\u00f8en og engen for b\u00f8rn<br \/>\u00a0\u00a0\u00a0 Sprengel Museum<br \/>\u00a0\u00a0\u00a0 H\u00f8jde Geibelstra\u00dfe<br \/>\u00a0\u00a0\u00a0 L\u00f8vens Bastion<br \/>\u00a0\u00a0\u00a0 Den sydlige bred<br \/>\u00a0\u00a0\u00a0 Maschsee-kilden<\/p><p><strong>Tip:<\/strong> Cykler har fork\u00f8rselsret p\u00e5 halvanden kilometer i S\u00fcdstadt. Alte D\u00f6hrener Stra\u00dfe mellem Altenbekener Damm og B\u00fcrgemeister-Fink-Stra\u00dfe er udlagt som cykelsti - ligesom de n\u00e6rliggende Meterstra\u00dfe og Maschstra\u00dfe mod nord.<\/p><p><strong>V\u00e6r forsigtig:<\/strong> Det er ogs\u00e5 forbudt at cykle, hvis man er p\u00e5virket af alkohol. Hvis du er i tvivl, s\u00e5 skub din cykel hjem!<\/p>\t\t\t\t\t\t\t\t<\/div>\n\t\t\t\t<\/div>\n\t\t\t\t<div class=\"elementor-element elementor-element-e1b4dac elementor-widget elementor-widget-image\" data-id=\"e1b4dac\" data-element_type=\"widget\" data-e-type=\"widget\" data-widget_type=\"image.default\">\n\t\t\t\t<div class=\"elementor-widget-container\">\n\t\t\t\t\t\t\t\t\t\t\t\t\t\t\t<img fetchpriority=\"high\" decoding=\"async\" width=\"2048\" height=\"1318\" src=\"https:\/\/www.maschseefest.de\/wp-content\/uploads\/2024\/07\/Radfahren-in-Hannover_Lars-Gerhardts-89-2048x1318.jpg\" class=\"attachment-2048x2048 size-2048x2048 wp-image-1691\" alt=\"Fahrradfahrerin von hinten f\u00e4hrt auf dem Radweg am Ostufer des Maschsees\" srcset=\"https:\/\/www.maschseefest.de\/wp-content\/uploads\/2024\/07\/Radfahren-in-Hannover_Lars-Gerhardts-89-2048x1318.jpg 2048w, https:\/\/www.maschseefest.de\/wp-content\/uploads\/2024\/07\/Radfahren-in-Hannover_Lars-Gerhardts-89-300x193.jpg 300w, https:\/\/www.maschseefest.de\/wp-content\/uploads\/2024\/07\/Radfahren-in-Hannover_Lars-Gerhardts-89-1024x659.jpg 1024w, https:\/\/www.maschseefest.de\/wp-content\/uploads\/2024\/07\/Radfahren-in-Hannover_Lars-Gerhardts-89-768x494.jpg 768w, https:\/\/www.maschseefest.de\/wp-content\/uploads\/2024\/07\/Radfahren-in-Hannover_Lars-Gerhardts-89-1536x988.jpg 1536w\" sizes=\"(max-width: 2048px) 100vw, 2048px\" \/>\t\t\t\t\t\t\t\t\t\t\t\t\t\t\t<\/div>\n\t\t\t\t<\/div>\n\t\t\t\t\t<\/div>\n\t\t\t\t<\/div>\n\t\t\t\t<\/div>","protected":false},"excerpt":{"rendered":"<p>Auto stehen lassen Reist m\u00f6glichst mit \u00f6ffentlichen Verkehrsmitteln an! Reist gem\u00fctlich mit MOIA oder dem Taxi an- oder ab und genie\u00dft das Maschseefest ohne l\u00e4stige Parkplatzsuche. Mit MOIA gelangt ihr entspannt zum Fest \u2013 rund um den See gibt es mehrere Haltepunkte Anreise mit MOIA So nah ans Fest, wie es nur geht: Bucht euer [&hellip;]<\/p>\n","protected":false},"author":4,"featured_media":1693,"parent":1126,"menu_order":0,"comment_status":"closed","ping_status":"closed","template":"","meta":{"footnotes":""},"class_list":["post-3285","page","type-page","status-publish","has-post-thumbnail","hentry"],"_links":{"self":[{"href":"https:\/\/www.maschseefest.de\/da\/wp-json\/wp\/v2\/pages\/3285","targetHints":{"allow":["GET"]}}],"collection":[{"href":"https:\/\/www.maschseefest.de\/da\/wp-json\/wp\/v2\/pages"}],"about":[{"href":"https:\/\/www.maschseefest.de\/da\/wp-json\/wp\/v2\/types\/page"}],"author":[{"embeddable":true,"href":"https:\/\/www.maschseefest.de\/da\/wp-json\/wp\/v2\/users\/4"}],"replies":[{"embeddable":true,"href":"https:\/\/www.maschseefest.de\/da\/wp-json\/wp\/v2\/comments?post=3285"}],"version-history":[{"count":19,"href":"https:\/\/www.maschseefest.de\/da\/wp-json\/wp\/v2\/pages\/3285\/revisions"}],"predecessor-version":[{"id":3459,"href":"https:\/\/www.maschseefest.de\/da\/wp-json\/wp\/v2\/pages\/3285\/revisions\/3459"}],"up":[{"embeddable":true,"href":"https:\/\/www.maschseefest.de\/da\/wp-json\/wp\/v2\/pages\/1126"}],"wp:featuredmedia":[{"embeddable":true,"href":"https:\/\/www.maschseefest.de\/da\/wp-json\/wp\/v2\/media\/1693"}],"wp:attachment":[{"href":"https:\/\/www.maschseefest.de\/da\/wp-json\/wp\/v2\/media?parent=3285"}],"curies":[{"name":"wp","href":"https:\/\/api.w.org\/{rel}","templated":true}]}}

Rejser på cykel

<div data-elementor-type="wp-page" data-elementor-id="3285" class="elementor elementor-3285" data-elementor-post-type="page">
				<div class="elementor-element elementor-element-2bae53e e-flex e-con-boxed e-con e-parent" data-id="2bae53e" data-element_type="container" data-e-type="container">
					<div class="e-con-inner">
				<div class="elementor-element elementor-element-19e148a elementor-widget elementor-widget-heading" data-id="19e148a" data-element_type="widget" data-e-type="widget" data-widget_type="heading.default">
				<div class="elementor-widget-container">
					<h3 class="elementor-heading-title elementor-size-default">Den mest miljøvenlige måde at rejse på er på to hjul</h3>				</div>
				</div>
				<div class="elementor-element elementor-element-7b214a4 elementor-widget elementor-widget-heading" data-id="7b214a4" data-element_type="widget" data-e-type="widget" data-widget_type="heading.default">
				<div class="elementor-widget-container">
					<h3 class="elementor-heading-title elementor-size-default">Tips til at rejse på cykel</h3>				</div>
				</div>
				<div class="elementor-element elementor-element-b6088b3 elementor-widget elementor-widget-text-editor" data-id="b6088b3" data-element_type="widget" data-e-type="widget" data-widget_type="text-editor.default">
				<div class="elementor-widget-container">
									<p>I forbindelse med Maschseefest 2024 (under opbygning og nedtagning samt under selve Maschseefest) flyttes cykelstien, der fører ind i byen på østsiden af Rudolf-von-Bennigsen-Ufer mellem Altenbekener Damm og Kurt-Schwitters-Platz, ud på kørebanen. Den egentlige cykelsti direkte på Maschsee vil ikke være tilgængelig i dette tidsrum.</p><p><strong>Cykelstativerne er placeret her:<br /></strong>    Karl-Thiele-Weg (børnenes eng)<br />    Mellem ølhaven ved søen og engen for børn<br />    Sprengel Museum<br />    Højde Geibelstraße<br />    Løvens Bastion<br />    Den sydlige bred<br />    Maschsee-kilden</p><p><strong>Tip:</strong> Cykler har forkørselsret på halvanden kilometer i Südstadt. Alte Döhrener Straße mellem Altenbekener Damm og Bürgemeister-Fink-Straße er udlagt som cykelsti - ligesom de nærliggende Meterstraße og Maschstraße mod nord.</p><p><strong>Vær forsigtig:</strong> Det er også forbudt at cykle, hvis man er påvirket af alkohol. Hvis du er i tvivl, så skub din cykel hjem!</p>								</div>
				</div>
				<div class="elementor-element elementor-element-e1b4dac elementor-widget elementor-widget-image" data-id="e1b4dac" data-element_type="widget" data-e-type="widget" data-widget_type="image.default">
				<div class="elementor-widget-container">
															<img fetchpriority="high" decoding="async" width="2048" height="1318" src="https://www.maschseefest.de/wp-content/uploads/2024/07/Radfahren-in-Hannover_Lars-Gerhardts-89-2048x1318.jpg" class="attachment-2048x2048 size-2048x2048 wp-image-1691" alt="Fahrradfahrerin von hinten fährt auf dem Radweg am Ostufer des Maschsees" srcset="https://www.maschseefest.de/wp-content/uploads/2024/07/Radfahren-in-Hannover_Lars-Gerhardts-89-2048x1318.jpg 2048w, https://www.maschseefest.de/wp-content/uploads/2024/07/Radfahren-in-Hannover_Lars-Gerhardts-89-300x193.jpg 300w, https://www.maschseefest.de/wp-content/uploads/2024/07/Radfahren-in-Hannover_Lars-Gerhardts-89-1024x659.jpg 1024w, https://www.maschseefest.de/wp-content/uploads/2024/07/Radfahren-in-Hannover_Lars-Gerhardts-89-768x494.jpg 768w, https://www.maschseefest.de/wp-content/uploads/2024/07/Radfahren-in-Hannover_Lars-Gerhardts-89-1536x988.jpg 1536w" sizes="(max-width: 2048px) 100vw, 2048px" />															</div>
				</div>
					</div>
				</div>
				</div>

<p>Auto stehen lassen Reist möglichst mit öffentlichen Verkehrsmitteln an! Reist gemütlich mit MOIA oder dem Taxi an- oder ab und genießt das Maschseefest ohne lästige Parkplatzsuche. Mit MOIA gelangt ihr entspannt zum Fest – rund um den See gibt es mehrere Haltepunkte Anreise mit MOIA So nah ans Fest, wie es nur geht: Bucht euer [&hellip;]</p>
