{"id":3401,"date":"2024-07-11T15:54:09","date_gmt":"2024-07-11T13:54:09","guid":{"rendered":"http:\/\/web5.s149.goserver.host\/an-und-abreise\/nunav-copy\/"},"modified":"2024-07-11T16:30:14","modified_gmt":"2024-07-11T14:30:14","slug":"frauennachttaxi","status":"publish","type":"page","link":"https:\/\/www.maschseefest.de\/es\/an-und-abreise\/frauennachttaxi\/","title":{"rendered":"Taxi nocturno para mujeres"},"content":{"rendered":"<div data-elementor-type=\"wp-page\" data-elementor-id=\"3401\" class=\"elementor elementor-3401\" data-elementor-post-type=\"page\">\n\t\t\t\t<div class=\"elementor-element elementor-element-bd39ff6 e-flex e-con-boxed e-con e-parent\" data-id=\"bd39ff6\" data-element_type=\"container\" data-e-type=\"container\">\n\t\t\t\t\t<div class=\"e-con-inner\">\n\t\t\t\t<div class=\"elementor-element elementor-element-ed73c58 elementor-widget elementor-widget-spacer\" data-id=\"ed73c58\" data-element_type=\"widget\" data-e-type=\"widget\" data-widget_type=\"spacer.default\">\n\t\t\t\t<div class=\"elementor-widget-container\">\n\t\t\t\t\t\t\t<div class=\"elementor-spacer\">\n\t\t\t<div class=\"elementor-spacer-inner\"><\/div>\n\t\t<\/div>\n\t\t\t\t\t\t<\/div>\n\t\t\t\t<\/div>\n\t\t\t\t<div class=\"elementor-element elementor-element-f1a37b7 elementor-widget elementor-widget-heading\" data-id=\"f1a37b7\" data-element_type=\"widget\" data-e-type=\"widget\" data-widget_type=\"heading.default\">\n\t\t\t\t<div class=\"elementor-widget-container\">\n\t\t\t\t\t<h3 class=\"elementor-heading-title elementor-size-default\">Conexi\u00f3n segura en taxi hasta la puerta principal<\/h3>\t\t\t\t<\/div>\n\t\t\t\t<\/div>\n\t\t\t\t<div class=\"elementor-element elementor-element-67c8763 elementor-widget elementor-widget-heading\" data-id=\"67c8763\" data-element_type=\"widget\" data-e-type=\"widget\" data-widget_type=\"heading.default\">\n\t\t\t\t<div class=\"elementor-widget-container\">\n\t\t\t\t\t<h3 class=\"elementor-heading-title elementor-size-default\">Taxi nocturno para mujeres<\/h3>\t\t\t\t<\/div>\n\t\t\t\t<\/div>\n\t\t\t\t<div class=\"elementor-element elementor-element-58f1acf elementor-widget elementor-widget-text-editor\" data-id=\"58f1acf\" data-element_type=\"widget\" data-e-type=\"widget\" data-widget_type=\"text-editor.default\">\n\t\t\t\t<div class=\"elementor-widget-container\">\n\t\t\t\t\t\t\t\t\t<p><strong>Dos tercios de los pasajeros del transporte p\u00fablico son mujeres. El taxi nocturno para mujeres est\u00e1 ah\u00ed por su seguridad y su sensaci\u00f3n subjetiva de seguridad.<\/strong><\/p><p>Del 1 de octubre al 31 de marzo, de las 19.00 a las 6.00 horas, y del 1 de abril al 30 de septiembre, de las 21.00 a las 5.00 horas, las mujeres pueden pedir un taxi al conductor hasta cualquier parada de tranv\u00eda subterr\u00e1neo y tambi\u00e9n hasta las paradas de autob\u00fas \u00fcstra.<\/p><p>El servicio es gratuito. S\u00f3lo hay que pagar el taxi. El servicio de taxi est\u00e1 disponible todo el d\u00eda para personas con movilidad reducida.<\/p>\t\t\t\t\t\t\t\t<\/div>\n\t\t\t\t<\/div>\n\t\t\t\t<div class=\"elementor-element elementor-element-b26db97 elementor-widget elementor-widget-spacer\" data-id=\"b26db97\" data-element_type=\"widget\" data-e-type=\"widget\" data-widget_type=\"spacer.default\">\n\t\t\t\t<div class=\"elementor-widget-container\">\n\t\t\t\t\t\t\t<div class=\"elementor-spacer\">\n\t\t\t<div class=\"elementor-spacer-inner\"><\/div>\n\t\t<\/div>\n\t\t\t\t\t\t<\/div>\n\t\t\t\t<\/div>\n\t\t\t\t<div class=\"elementor-element elementor-element-69f8749 elementor-widget elementor-widget-image\" data-id=\"69f8749\" data-element_type=\"widget\" data-e-type=\"widget\" data-widget_type=\"image.default\">\n\t\t\t\t<div class=\"elementor-widget-container\">\n\t\t\t\t\t\t\t\t\t\t\t\t\t\t\t<img fetchpriority=\"high\" decoding=\"async\" width=\"987\" height=\"493\" src=\"https:\/\/www.maschseefest.de\/wp-content\/uploads\/2024\/07\/Frauentaxi_pano.jpg\" class=\"attachment-2048x2048 size-2048x2048 wp-image-3368\" alt=\"Frauennachttaxi\" srcset=\"https:\/\/www.maschseefest.de\/wp-content\/uploads\/2024\/07\/Frauentaxi_pano.jpg 987w, https:\/\/www.maschseefest.de\/wp-content\/uploads\/2024\/07\/Frauentaxi_pano-300x150.jpg 300w, https:\/\/www.maschseefest.de\/wp-content\/uploads\/2024\/07\/Frauentaxi_pano-768x384.jpg 768w\" sizes=\"(max-width: 987px) 100vw, 987px\" \/>\t\t\t\t\t\t\t\t\t\t\t\t\t\t\t<\/div>\n\t\t\t\t<\/div>\n\t\t\t\t\t<\/div>\n\t\t\t\t<\/div>\n\t\t\t\t<\/div>","protected":false},"excerpt":{"rendered":"<p>Sicherer Anschluss mit dem Taxi bis vor die Haust\u00fcr Frauennachttaxi Zwei Drittel aller Fahrg\u00e4ste im \u00f6ffentlichen Nahverkehr sind Frauen. F\u00fcr ihre Sicherheit und ihr subjektives Sicherheitsempfinden gibt es das Frauennachttaxi. Vom 1. Oktober bis zum 31. M\u00e4rz von 19 bis 6 Uhr und vom 1. April bis zum 30. September von 21 bis 5 Uhr, [&hellip;]<\/p>\n","protected":false},"author":4,"featured_media":3422,"parent":1126,"menu_order":0,"comment_status":"closed","ping_status":"closed","template":"","meta":{"footnotes":""},"class_list":["post-3401","page","type-page","status-publish","has-post-thumbnail","hentry"],"_links":{"self":[{"href":"https:\/\/www.maschseefest.de\/es\/wp-json\/wp\/v2\/pages\/3401","targetHints":{"allow":["GET"]}}],"collection":[{"href":"https:\/\/www.maschseefest.de\/es\/wp-json\/wp\/v2\/pages"}],"about":[{"href":"https:\/\/www.maschseefest.de\/es\/wp-json\/wp\/v2\/types\/page"}],"author":[{"embeddable":true,"href":"https:\/\/www.maschseefest.de\/es\/wp-json\/wp\/v2\/users\/4"}],"replies":[{"embeddable":true,"href":"https:\/\/www.maschseefest.de\/es\/wp-json\/wp\/v2\/comments?post=3401"}],"version-history":[{"count":12,"href":"https:\/\/www.maschseefest.de\/es\/wp-json\/wp\/v2\/pages\/3401\/revisions"}],"predecessor-version":[{"id":3423,"href":"https:\/\/www.maschseefest.de\/es\/wp-json\/wp\/v2\/pages\/3401\/revisions\/3423"}],"up":[{"embeddable":true,"href":"https:\/\/www.maschseefest.de\/es\/wp-json\/wp\/v2\/pages\/1126"}],"wp:featuredmedia":[{"embeddable":true,"href":"https:\/\/www.maschseefest.de\/es\/wp-json\/wp\/v2\/media\/3422"}],"wp:attachment":[{"href":"https:\/\/www.maschseefest.de\/es\/wp-json\/wp\/v2\/media?parent=3401"}],"curies":[{"name":"wp","href":"https:\/\/api.w.org\/{rel}","templated":true}]}}

<div data-elementor-type="wp-page" data-elementor-id="3401" class="elementor elementor-3401" data-elementor-post-type="page">
				<div class="elementor-element elementor-element-bd39ff6 e-flex e-con-boxed e-con e-parent" data-id="bd39ff6" data-element_type="container" data-e-type="container">
					<div class="e-con-inner">
				<div class="elementor-element elementor-element-ed73c58 elementor-widget elementor-widget-spacer" data-id="ed73c58" data-element_type="widget" data-e-type="widget" data-widget_type="spacer.default">
				<div class="elementor-widget-container">
							<div class="elementor-spacer">
			<div class="elementor-spacer-inner"></div>
		</div>
						</div>
				</div>
				<div class="elementor-element elementor-element-f1a37b7 elementor-widget elementor-widget-heading" data-id="f1a37b7" data-element_type="widget" data-e-type="widget" data-widget_type="heading.default">
				<div class="elementor-widget-container">
					<h3 class="elementor-heading-title elementor-size-default">Conexión segura en taxi hasta la puerta principal</h3>				</div>
				</div>
				<div class="elementor-element elementor-element-67c8763 elementor-widget elementor-widget-heading" data-id="67c8763" data-element_type="widget" data-e-type="widget" data-widget_type="heading.default">
				<div class="elementor-widget-container">
					<h3 class="elementor-heading-title elementor-size-default">Taxi nocturno para mujeres</h3>				</div>
				</div>
				<div class="elementor-element elementor-element-58f1acf elementor-widget elementor-widget-text-editor" data-id="58f1acf" data-element_type="widget" data-e-type="widget" data-widget_type="text-editor.default">
				<div class="elementor-widget-container">
									<p><strong>Dos tercios de los pasajeros del transporte público son mujeres. El taxi nocturno para mujeres está ahí por su seguridad y su sensación subjetiva de seguridad.</strong></p><p>Del 1 de octubre al 31 de marzo, de las 19.00 a las 6.00 horas, y del 1 de abril al 30 de septiembre, de las 21.00 a las 5.00 horas, las mujeres pueden pedir un taxi al conductor hasta cualquier parada de tranvía subterráneo y también hasta las paradas de autobús üstra.</p><p>El servicio es gratuito. Sólo hay que pagar el taxi. El servicio de taxi está disponible todo el día para personas con movilidad reducida.</p>								</div>
				</div>
				<div class="elementor-element elementor-element-b26db97 elementor-widget elementor-widget-spacer" data-id="b26db97" data-element_type="widget" data-e-type="widget" data-widget_type="spacer.default">
				<div class="elementor-widget-container">
							<div class="elementor-spacer">
			<div class="elementor-spacer-inner"></div>
		</div>
						</div>
				</div>
				<div class="elementor-element elementor-element-69f8749 elementor-widget elementor-widget-image" data-id="69f8749" data-element_type="widget" data-e-type="widget" data-widget_type="image.default">
				<div class="elementor-widget-container">
															<img fetchpriority="high" decoding="async" width="987" height="493" src="https://www.maschseefest.de/wp-content/uploads/2024/07/Frauentaxi_pano.jpg" class="attachment-2048x2048 size-2048x2048 wp-image-3368" alt="Frauennachttaxi" srcset="https://www.maschseefest.de/wp-content/uploads/2024/07/Frauentaxi_pano.jpg 987w, https://www.maschseefest.de/wp-content/uploads/2024/07/Frauentaxi_pano-300x150.jpg 300w, https://www.maschseefest.de/wp-content/uploads/2024/07/Frauentaxi_pano-768x384.jpg 768w" sizes="(max-width: 987px) 100vw, 987px" />															</div>
				</div>
					</div>
				</div>
				</div>

<p>Sicherer Anschluss mit dem Taxi bis vor die Haustür Frauennachttaxi Zwei Drittel aller Fahrgäste im öffentlichen Nahverkehr sind Frauen. Für ihre Sicherheit und ihr subjektives Sicherheitsempfinden gibt es das Frauennachttaxi. Vom 1. Oktober bis zum 31. März von 19 bis 6 Uhr und vom 1. April bis zum 30. September von 21 bis 5 Uhr, [&hellip;]</p>
