{"id":3464,"date":"2024-07-11T17:00:33","date_gmt":"2024-07-11T15:00:33","guid":{"rendered":"http:\/\/web5.s149.goserver.host\/an-und-abreise\/taxi-moia-copy\/"},"modified":"2025-08-01T15:23:11","modified_gmt":"2025-08-01T13:23:11","slug":"auto","status":"publish","type":"page","link":"https:\/\/www.maschseefest.de\/fr\/an-und-abreise\/auto\/","title":{"rendered":"Arriv\u00e9e en voiture"},"content":{"rendered":"<div data-elementor-type=\"wp-page\" data-elementor-id=\"3464\" class=\"elementor elementor-3464\" data-elementor-post-type=\"page\">\n\t\t\t\t<div class=\"elementor-element elementor-element-2bae53e e-flex e-con-boxed e-con e-parent\" data-id=\"2bae53e\" data-element_type=\"container\" data-e-type=\"container\">\n\t\t\t\t\t<div class=\"e-con-inner\">\n\t\t\t\t<div class=\"elementor-element elementor-element-19e148a elementor-widget elementor-widget-heading\" data-id=\"19e148a\" data-element_type=\"widget\" data-e-type=\"widget\" data-widget_type=\"heading.default\">\n\t\t\t\t<div class=\"elementor-widget-container\">\n\t\t\t\t\t<h3 class=\"elementor-heading-title elementor-size-default\">Laisser la voiture<\/h3>\t\t\t\t<\/div>\n\t\t\t\t<\/div>\n\t\t\t\t<div class=\"elementor-element elementor-element-d7b22c6 elementor-widget elementor-widget-text-editor\" data-id=\"d7b22c6\" data-element_type=\"widget\" data-e-type=\"widget\" data-widget_type=\"text-editor.default\">\n\t\t\t\t<div class=\"elementor-widget-container\">\n\t\t\t\t\t\t\t\t\t<p>Il est fortement d\u00e9conseill\u00e9 de venir en voiture jusqu'au lac Maschsee, car l'exp\u00e9rience montre que la situation de stationnement au lac Maschsee et dans le sud de la ville est tr\u00e8s critique pendant la f\u00eate. Il est donc pr\u00e9f\u00e9rable de laisser votre voiture \u00e0 la maison et de venir en transports en commun !<\/p><p>La rive Arthur-Menge (\u00e0 partir de l'h\u00f4tel Courtyard), la Culemannstra\u00dfe, la Rudolf-von-Bennigsen-Ufer (jusqu'\u00e0 l'Altenbekener Damm) et la Willy-Brandt-Allee seront ferm\u00e9es \u00e0 la circulation les vendredis et samedis \u00e0 partir d'environ 18 heures. Afin de r\u00e9duire au maximum les nuisances pour les habitants du sud-ouest de la ville pendant les jours de la manifestation, la zone situ\u00e9e entre le lac Maschsee et la Hildesheimer Stra\u00dfe sera temporairement interdite aux personnes \u00e9trang\u00e8res \u00e0 la ville. La fermeture est valable les mercredis et jeudis de 17h \u00e0 20h, les vendredis de 17h \u00e0 22h et les samedis de 17h \u00e0 22h30.<\/p>\t\t\t\t\t\t\t\t<\/div>\n\t\t\t\t<\/div>\n\t\t\t\t<div class=\"elementor-element elementor-element-0a4e2f5 elementor-widget-divider--view-line elementor-widget elementor-widget-divider\" data-id=\"0a4e2f5\" data-element_type=\"widget\" data-e-type=\"widget\" data-widget_type=\"divider.default\">\n\t\t\t\t<div class=\"elementor-widget-container\">\n\t\t\t\t\t\t\t<div class=\"elementor-divider\">\n\t\t\t<span class=\"elementor-divider-separator\">\n\t\t\t\t\t\t<\/span>\n\t\t<\/div>\n\t\t\t\t\t\t<\/div>\n\t\t\t\t<\/div>\n\t\t\t\t<div class=\"elementor-element elementor-element-e1b4dac elementor-widget elementor-widget-image\" data-id=\"e1b4dac\" data-element_type=\"widget\" data-e-type=\"widget\" data-widget_type=\"image.default\">\n\t\t\t\t<div class=\"elementor-widget-container\">\n\t\t\t\t\t\t\t\t\t\t\t\t\t\t\t<img fetchpriority=\"high\" decoding=\"async\" width=\"800\" height=\"494\" src=\"https:\/\/www.maschseefest.de\/wp-content\/uploads\/2024\/07\/Schuetzenplatz-1024x632.jpg\" class=\"attachment-large size-large wp-image-3084\" alt=\"\" srcset=\"https:\/\/www.maschseefest.de\/wp-content\/uploads\/2024\/07\/Schuetzenplatz-1024x632.jpg 1024w, https:\/\/www.maschseefest.de\/wp-content\/uploads\/2024\/07\/Schuetzenplatz-300x185.jpg 300w, https:\/\/www.maschseefest.de\/wp-content\/uploads\/2024\/07\/Schuetzenplatz-768x474.jpg 768w, https:\/\/www.maschseefest.de\/wp-content\/uploads\/2024\/07\/Schuetzenplatz-1536x948.jpg 1536w, https:\/\/www.maschseefest.de\/wp-content\/uploads\/2024\/07\/Schuetzenplatz-2048x1264.jpg 2048w\" sizes=\"(max-width: 800px) 100vw, 800px\" \/>\t\t\t\t\t\t\t\t\t\t\t\t\t\t\t<\/div>\n\t\t\t\t<\/div>\n\t\t\t\t<div class=\"elementor-element elementor-element-48385de elementor-widget elementor-widget-heading\" data-id=\"48385de\" data-element_type=\"widget\" data-e-type=\"widget\" data-widget_type=\"heading.default\">\n\t\t\t\t<div class=\"elementor-widget-container\">\n\t\t\t\t\t<h3 class=\"elementor-heading-title elementor-size-default\">Se d\u00e9placer en voiture : possibilit\u00e9s de Park + Ride dans l'agglom\u00e9ration de Hanovre.<\/h3>\t\t\t\t<\/div>\n\t\t\t\t<\/div>\n\t\t\t\t<div class=\"elementor-element elementor-element-86fd9b2 elementor-widget elementor-widget-heading\" data-id=\"86fd9b2\" data-element_type=\"widget\" data-e-type=\"widget\" data-widget_type=\"heading.default\">\n\t\t\t\t<div class=\"elementor-widget-container\">\n\t\t\t\t\t<h3 class=\"elementor-heading-title elementor-size-default\">Park + Ride<\/h3>\t\t\t\t<\/div>\n\t\t\t\t<\/div>\n\t\t\t\t<div class=\"elementor-element elementor-element-1051021 elementor-widget elementor-widget-text-editor\" data-id=\"1051021\" data-element_type=\"widget\" data-e-type=\"widget\" data-widget_type=\"text-editor.default\">\n\t\t\t\t<div class=\"elementor-widget-container\">\n\t\t\t\t\t\t\t\t\t<p>Pour ceux qui souhaitent tout de m\u00eame venir en voiture, il est pr\u00e9f\u00e9rable de se garer \u00e0 l'ext\u00e9rieur et de continuer avec les transports en commun. Il n'y a pas de service de parking-relais pour la Maschseefest, mais il existe plusieurs parkings-relais \u00e0 Hanovre et dans la r\u00e9gion.<\/p><p>Dans la zone de transport du Gro\u00dfraum-Verkehr Hannover (GVH), il y a actuellement environ 6.100 places P+R pour les voitures. Tous les Park + Ride peuvent \u00eatre utilis\u00e9s gratuitement et sont ouverts 24 heures sur 24. Les parcs relais se trouvent \u00e0 proximit\u00e9 directe des points d'arr\u00eat et des stations de correspondance, ce qui facilite le passage de la voiture particuli\u00e8re au transport ferroviaire de proximit\u00e9.<\/p><p><strong>\u00a0<\/strong><\/p><h3><strong>Stationnement sur la place de tir<\/strong><\/h3><p>Et pour ceux qui souhaitent se rendre en voiture jusqu'\u00e0 la ville, le <strong>Place de tir \u00e0 Hanovre<\/strong> (de l\u00e0, 5 minutes \u00e0 pied jusqu'au Maschsee, suivez le syst\u00e8me de guidage du parking). Le nombre de places de parking est limit\u00e9.<\/p><p><strong>ATTENTION : En raison de travaux de construction dans la Waterloostra\u00dfe, le parking Sch\u00fctzenplatz Hannover est accessible par le Victoria-Luise-Weg\/la Herrenh\u00e4user Tor et par la Robert-Enke-Stra\u00dfe\/la Schausteller-Tor. La porte Gilde de la Bruchmeisterallee sera ferm\u00e9e.<\/strong><\/p><p>Place de tir \u00e0 Hanovre<br \/>Frais de parking : 5 euros<\/p>\t\t\t\t\t\t\t\t<\/div>\n\t\t\t\t<\/div>\n\t\t<div class=\"elementor-element elementor-element-964e25c e-con-full e-flex e-con e-child\" data-id=\"964e25c\" data-element_type=\"container\" data-e-type=\"container\" data-settings=\"{&quot;background_background&quot;:&quot;classic&quot;}\">\n\t\t\t\t<div class=\"elementor-element elementor-element-3067e42 elementor-widget-mobile__width-inherit elementor-widget elementor-widget-image\" data-id=\"3067e42\" data-element_type=\"widget\" data-e-type=\"widget\" data-widget_type=\"image.default\">\n\t\t\t\t<div class=\"elementor-widget-container\">\n\t\t\t\t\t\t\t\t\t\t\t\t\t\t\t<img decoding=\"async\" width=\"180\" height=\"180\" src=\"https:\/\/www.maschseefest.de\/wp-content\/uploads\/2024\/07\/unnamed.jpg\" class=\"attachment-large size-large wp-image-3473\" alt=\"\" srcset=\"https:\/\/www.maschseefest.de\/wp-content\/uploads\/2024\/07\/unnamed.jpg 180w, https:\/\/www.maschseefest.de\/wp-content\/uploads\/2024\/07\/unnamed-150x150.jpg 150w\" sizes=\"(max-width: 180px) 100vw, 180px\" \/>\t\t\t\t\t\t\t\t\t\t\t\t\t\t\t<\/div>\n\t\t\t\t<\/div>\n\t\t\t\t<div class=\"elementor-element elementor-element-a04d01e elementor-widget elementor-widget-heading\" data-id=\"a04d01e\" data-element_type=\"widget\" data-e-type=\"widget\" data-widget_type=\"heading.default\">\n\t\t\t\t<div class=\"elementor-widget-container\">\n\t\t\t\t\t<h3 class=\"elementor-heading-title elementor-size-default\"><a href=\"https:\/\/www.uestra.de\/service\/mobilitaetsangebote\/park-ride-\/-bike-ride\/\" target=\"_blank\" rel=\"noopener\">Park + Ride \u00e0 Hanovre<\/a><\/h3>\t\t\t\t<\/div>\n\t\t\t\t<\/div>\n\t\t\t\t<div class=\"elementor-element elementor-element-808eda9 elementor-view-default elementor-widget elementor-widget-icon\" data-id=\"808eda9\" data-element_type=\"widget\" data-e-type=\"widget\" data-widget_type=\"icon.default\">\n\t\t\t\t<div class=\"elementor-widget-container\">\n\t\t\t\t\t\t\t<div class=\"elementor-icon-wrapper\">\n\t\t\t<a class=\"elementor-icon\" href=\"https:\/\/www.uestra.de\/service\/mobilitaetsangebote\/park-ride-\/-bike-ride\/\" target=\"_blank\" rel=\"noopener\">\n\t\t\t<svg aria-hidden=\"true\" class=\"e-font-icon-svg e-fas-chevron-right\" viewbox=\"0 0 320 512\" xmlns=\"http:\/\/www.w3.org\/2000\/svg\"><path d=\"M285.476 272.971L91.132 467.314c-9.373 9.373-24.569 9.373-33.941 0l-22.667-22.667c-9.357-9.357-9.375-24.522-.04-33.901L188.505 256 34.484 101.255c-9.335-9.379-9.317-24.544.04-33.901l22.667-22.667c9.373-9.373 24.569-9.373 33.941 0L285.475 239.03c9.373 9.372 9.373 24.568.001 33.941z\"><\/path><\/svg>\t\t\t<\/a>\n\t\t<\/div>\n\t\t\t\t\t\t<\/div>\n\t\t\t\t<\/div>\n\t\t\t\t<\/div>\n\t\t\t\t\t<\/div>\n\t\t\t\t<\/div>\n\t\t<div class=\"elementor-element elementor-element-3836ea7 e-con-full e-flex e-con e-parent\" data-id=\"3836ea7\" data-element_type=\"container\" data-e-type=\"container\">\n\t\t<div class=\"elementor-element elementor-element-7f08b9a e-con-full e-flex e-con e-child\" data-id=\"7f08b9a\" data-element_type=\"container\" data-e-type=\"container\" data-settings=\"{&quot;background_background&quot;:&quot;classic&quot;}\">\n\t\t\t\t<div class=\"elementor-element elementor-element-0a1a2af elementor-widget elementor-widget-heading\" data-id=\"0a1a2af\" data-element_type=\"widget\" data-e-type=\"widget\" data-widget_type=\"heading.default\">\n\t\t\t\t<div class=\"elementor-widget-container\">\n\t\t\t\t\t<h2 class=\"elementor-heading-title elementor-size-default\">NUNAV - Application de navigation gratuite<\/h2>\t\t\t\t<\/div>\n\t\t\t\t<\/div>\n\t\t\t\t<div class=\"elementor-element elementor-element-9a3ee33 elementor-widget elementor-widget-text-editor\" data-id=\"9a3ee33\" data-element_type=\"widget\" data-e-type=\"widget\" data-widget_type=\"text-editor.default\">\n\t\t\t\t<div class=\"elementor-widget-container\">\n\t\t\t\t\t\t\t\t\t<p>Trouver une place de parking libre sans stress : pour les trajets en voiture, HVG collabore avec l'application de navigation gratuite NUNAV. Si vous entrez la destination \"Maschseefest\" au lieu d'une adresse dans NUNAV, vous serez directement guid\u00e9 vers une place de parking libre, ce qui \u00e9vite les embouteillages.\u00a0<\/p>\t\t\t\t\t\t\t\t<\/div>\n\t\t\t\t<\/div>\n\t\t\t\t<div class=\"elementor-element elementor-element-f1c58af elementor-widget elementor-widget-jet-listing-dynamic-link\" data-id=\"f1c58af\" data-element_type=\"widget\" data-e-type=\"widget\" data-widget_type=\"jet-listing-dynamic-link.default\">\n\t\t\t\t<div class=\"elementor-widget-container\">\n\t\t\t\t\t<a href=\"\/fr\/an-und-abreise\/nunav\/\" class=\"jet-listing-dynamic-link__link\"><div class=\"jet-listing-dynamic-link__icon is-svg-icon\"><svg class=\"e-font-icon-svg e-fas-chevron-right\" aria-hidden=\"true\" viewbox=\"0 0 320 512\" xmlns=\"http:\/\/www.w3.org\/2000\/svg\"><path d=\"M285.476 272.971L91.132 467.314c-9.373 9.373-24.569 9.373-33.941 0l-22.667-22.667c-9.357-9.357-9.375-24.522-.04-33.901L188.505 256 34.484 101.255c-9.335-9.379-9.317-24.544.04-33.901l22.667-22.667c9.373-9.373 24.569-9.373 33.941 0L285.475 239.03c9.373 9.372 9.373 24.568.001 33.941z\"><\/path><\/svg><\/div><span class=\"jet-listing-dynamic-link__label\">Plus d'infos<\/span><\/a>\t\t\t\t<\/div>\n\t\t\t\t<\/div>\n\t\t\t\t<\/div>\n\t\t<div class=\"elementor-element elementor-element-0b7f958 e-con-full e-flex e-con e-child\" data-id=\"0b7f958\" data-element_type=\"container\" data-e-type=\"container\" data-settings=\"{&quot;background_background&quot;:&quot;classic&quot;}\" data-isc-images=\"1738\">\n\t\t\t\t<\/div>\n\t\t\t\t<\/div>\n\t\t\t\t<\/div>","protected":false},"excerpt":{"rendered":"<p>Auto stehen lassen Von einer Anfahrt mit dem Auto bis direkt an den Maschsee wird dringend abgeraten, da die Parkplatzsituation am Maschsee und in der S\u00fcdstadt w\u00e4hrend des Festes erfahrungsgem\u00e4\u00df sehr kritisch ist. Lasst euer Auto also am besten zu Hause stehen und reist mit den \u00f6ffentlichen Verkehrsmitteln an! Das Arthur-Menge-Ufer (ab Courtyard-Hotel), die Culemannstra\u00dfe, [&hellip;]<\/p>\n","protected":false},"author":4,"featured_media":3080,"parent":1126,"menu_order":0,"comment_status":"closed","ping_status":"closed","template":"","meta":{"footnotes":""},"class_list":["post-3464","page","type-page","status-publish","has-post-thumbnail","hentry"],"_links":{"self":[{"href":"https:\/\/www.maschseefest.de\/fr\/wp-json\/wp\/v2\/pages\/3464","targetHints":{"allow":["GET"]}}],"collection":[{"href":"https:\/\/www.maschseefest.de\/fr\/wp-json\/wp\/v2\/pages"}],"about":[{"href":"https:\/\/www.maschseefest.de\/fr\/wp-json\/wp\/v2\/types\/page"}],"author":[{"embeddable":true,"href":"https:\/\/www.maschseefest.de\/fr\/wp-json\/wp\/v2\/users\/4"}],"replies":[{"embeddable":true,"href":"https:\/\/www.maschseefest.de\/fr\/wp-json\/wp\/v2\/comments?post=3464"}],"version-history":[{"count":28,"href":"https:\/\/www.maschseefest.de\/fr\/wp-json\/wp\/v2\/pages\/3464\/revisions"}],"predecessor-version":[{"id":7397,"href":"https:\/\/www.maschseefest.de\/fr\/wp-json\/wp\/v2\/pages\/3464\/revisions\/7397"}],"up":[{"embeddable":true,"href":"https:\/\/www.maschseefest.de\/fr\/wp-json\/wp\/v2\/pages\/1126"}],"wp:featuredmedia":[{"embeddable":true,"href":"https:\/\/www.maschseefest.de\/fr\/wp-json\/wp\/v2\/media\/3080"}],"wp:attachment":[{"href":"https:\/\/www.maschseefest.de\/fr\/wp-json\/wp\/v2\/media?parent=3464"}],"curies":[{"name":"wp","href":"https:\/\/api.w.org\/{rel}","templated":true}]}}

Arrivée en voiture

<div data-elementor-type="wp-page" data-elementor-id="3464" class="elementor elementor-3464" data-elementor-post-type="page">
				<div class="elementor-element elementor-element-2bae53e e-flex e-con-boxed e-con e-parent" data-id="2bae53e" data-element_type="container" data-e-type="container">
					<div class="e-con-inner">
				<div class="elementor-element elementor-element-19e148a elementor-widget elementor-widget-heading" data-id="19e148a" data-element_type="widget" data-e-type="widget" data-widget_type="heading.default">
				<div class="elementor-widget-container">
					<h3 class="elementor-heading-title elementor-size-default">Laisser la voiture</h3>				</div>
				</div>
				<div class="elementor-element elementor-element-d7b22c6 elementor-widget elementor-widget-text-editor" data-id="d7b22c6" data-element_type="widget" data-e-type="widget" data-widget_type="text-editor.default">
				<div class="elementor-widget-container">
									<p>Il est fortement déconseillé de venir en voiture jusqu'au lac Maschsee, car l'expérience montre que la situation de stationnement au lac Maschsee et dans le sud de la ville est très critique pendant la fête. Il est donc préférable de laisser votre voiture à la maison et de venir en transports en commun !</p><p>La rive Arthur-Menge (à partir de l'hôtel Courtyard), la Culemannstraße, la Rudolf-von-Bennigsen-Ufer (jusqu'à l'Altenbekener Damm) et la Willy-Brandt-Allee seront fermées à la circulation les vendredis et samedis à partir d'environ 18 heures. Afin de réduire au maximum les nuisances pour les habitants du sud-ouest de la ville pendant les jours de la manifestation, la zone située entre le lac Maschsee et la Hildesheimer Straße sera temporairement interdite aux personnes étrangères à la ville. La fermeture est valable les mercredis et jeudis de 17h à 20h, les vendredis de 17h à 22h et les samedis de 17h à 22h30.</p>								</div>
				</div>
				<div class="elementor-element elementor-element-0a4e2f5 elementor-widget-divider--view-line elementor-widget elementor-widget-divider" data-id="0a4e2f5" data-element_type="widget" data-e-type="widget" data-widget_type="divider.default">
				<div class="elementor-widget-container">
							<div class="elementor-divider">
			<span class="elementor-divider-separator">
						</span>
		</div>
						</div>
				</div>
				<div class="elementor-element elementor-element-e1b4dac elementor-widget elementor-widget-image" data-id="e1b4dac" data-element_type="widget" data-e-type="widget" data-widget_type="image.default">
				<div class="elementor-widget-container">
															<img fetchpriority="high" decoding="async" width="800" height="494" src="https://www.maschseefest.de/wp-content/uploads/2024/07/Schuetzenplatz-1024x632.jpg" class="attachment-large size-large wp-image-3084" alt="" srcset="https://www.maschseefest.de/wp-content/uploads/2024/07/Schuetzenplatz-1024x632.jpg 1024w, https://www.maschseefest.de/wp-content/uploads/2024/07/Schuetzenplatz-300x185.jpg 300w, https://www.maschseefest.de/wp-content/uploads/2024/07/Schuetzenplatz-768x474.jpg 768w, https://www.maschseefest.de/wp-content/uploads/2024/07/Schuetzenplatz-1536x948.jpg 1536w, https://www.maschseefest.de/wp-content/uploads/2024/07/Schuetzenplatz-2048x1264.jpg 2048w" sizes="(max-width: 800px) 100vw, 800px" />															</div>
				</div>
				<div class="elementor-element elementor-element-48385de elementor-widget elementor-widget-heading" data-id="48385de" data-element_type="widget" data-e-type="widget" data-widget_type="heading.default">
				<div class="elementor-widget-container">
					<h3 class="elementor-heading-title elementor-size-default">Se déplacer en voiture : possibilités de Park + Ride dans l'agglomération de Hanovre.</h3>				</div>
				</div>
				<div class="elementor-element elementor-element-86fd9b2 elementor-widget elementor-widget-heading" data-id="86fd9b2" data-element_type="widget" data-e-type="widget" data-widget_type="heading.default">
				<div class="elementor-widget-container">
					<h3 class="elementor-heading-title elementor-size-default">Park + Ride</h3>				</div>
				</div>
				<div class="elementor-element elementor-element-1051021 elementor-widget elementor-widget-text-editor" data-id="1051021" data-element_type="widget" data-e-type="widget" data-widget_type="text-editor.default">
				<div class="elementor-widget-container">
									<p>Pour ceux qui souhaitent tout de même venir en voiture, il est préférable de se garer à l'extérieur et de continuer avec les transports en commun. Il n'y a pas de service de parking-relais pour la Maschseefest, mais il existe plusieurs parkings-relais à Hanovre et dans la région.</p><p>Dans la zone de transport du Großraum-Verkehr Hannover (GVH), il y a actuellement environ 6.100 places P+R pour les voitures. Tous les Park + Ride peuvent être utilisés gratuitement et sont ouverts 24 heures sur 24. Les parcs relais se trouvent à proximité directe des points d'arrêt et des stations de correspondance, ce qui facilite le passage de la voiture particulière au transport ferroviaire de proximité.</p><p><strong> </strong></p><h3><strong>Stationnement sur la place de tir</strong></h3><p>Et pour ceux qui souhaitent se rendre en voiture jusqu'à la ville, le <strong>Place de tir à Hanovre</strong> (de là, 5 minutes à pied jusqu'au Maschsee, suivez le système de guidage du parking). Le nombre de places de parking est limité.</p><p><strong>ATTENTION : En raison de travaux de construction dans la Waterloostraße, le parking Schützenplatz Hannover est accessible par le Victoria-Luise-Weg/la Herrenhäuser Tor et par la Robert-Enke-Straße/la Schausteller-Tor. La porte Gilde de la Bruchmeisterallee sera fermée.</strong></p><p>Place de tir à Hanovre<br />Frais de parking : 5 euros</p>								</div>
				</div>
		<div class="elementor-element elementor-element-964e25c e-con-full e-flex e-con e-child" data-id="964e25c" data-element_type="container" data-e-type="container" data-settings="{&quot;background_background&quot;:&quot;classic&quot;}">
				<div class="elementor-element elementor-element-3067e42 elementor-widget-mobile__width-inherit elementor-widget elementor-widget-image" data-id="3067e42" data-element_type="widget" data-e-type="widget" data-widget_type="image.default">
				<div class="elementor-widget-container">
															<img decoding="async" width="180" height="180" src="https://www.maschseefest.de/wp-content/uploads/2024/07/unnamed.jpg" class="attachment-large size-large wp-image-3473" alt="" srcset="https://www.maschseefest.de/wp-content/uploads/2024/07/unnamed.jpg 180w, https://www.maschseefest.de/wp-content/uploads/2024/07/unnamed-150x150.jpg 150w" sizes="(max-width: 180px) 100vw, 180px" />															</div>
				</div>
				<div class="elementor-element elementor-element-a04d01e elementor-widget elementor-widget-heading" data-id="a04d01e" data-element_type="widget" data-e-type="widget" data-widget_type="heading.default">
				<div class="elementor-widget-container">
					<h3 class="elementor-heading-title elementor-size-default"><a href="https://www.uestra.de/service/mobilitaetsangebote/park-ride-/-bike-ride/" target="_blank" rel="noopener">Park + Ride à Hanovre</a></h3>				</div>
				</div>
				<div class="elementor-element elementor-element-808eda9 elementor-view-default elementor-widget elementor-widget-icon" data-id="808eda9" data-element_type="widget" data-e-type="widget" data-widget_type="icon.default">
				<div class="elementor-widget-container">
							<div class="elementor-icon-wrapper">
			<a class="elementor-icon" href="https://www.uestra.de/service/mobilitaetsangebote/park-ride-/-bike-ride/" target="_blank" rel="noopener">
			<svg aria-hidden="true" class="e-font-icon-svg e-fas-chevron-right" viewbox="0 0 320 512" xmlns="http://www.w3.org/2000/svg"><path d="M285.476 272.971L91.132 467.314c-9.373 9.373-24.569 9.373-33.941 0l-22.667-22.667c-9.357-9.357-9.375-24.522-.04-33.901L188.505 256 34.484 101.255c-9.335-9.379-9.317-24.544.04-33.901l22.667-22.667c9.373-9.373 24.569-9.373 33.941 0L285.475 239.03c9.373 9.372 9.373 24.568.001 33.941z"></path></svg>			</a>
		</div>
						</div>
				</div>
				</div>
					</div>
				</div>
		<div class="elementor-element elementor-element-3836ea7 e-con-full e-flex e-con e-parent" data-id="3836ea7" data-element_type="container" data-e-type="container">
		<div class="elementor-element elementor-element-7f08b9a e-con-full e-flex e-con e-child" data-id="7f08b9a" data-element_type="container" data-e-type="container" data-settings="{&quot;background_background&quot;:&quot;classic&quot;}">
				<div class="elementor-element elementor-element-0a1a2af elementor-widget elementor-widget-heading" data-id="0a1a2af" data-element_type="widget" data-e-type="widget" data-widget_type="heading.default">
				<div class="elementor-widget-container">
					<h2 class="elementor-heading-title elementor-size-default">NUNAV - Application de navigation gratuite</h2>				</div>
				</div>
				<div class="elementor-element elementor-element-9a3ee33 elementor-widget elementor-widget-text-editor" data-id="9a3ee33" data-element_type="widget" data-e-type="widget" data-widget_type="text-editor.default">
				<div class="elementor-widget-container">
									<p>Trouver une place de parking libre sans stress : pour les trajets en voiture, HVG collabore avec l'application de navigation gratuite NUNAV. Si vous entrez la destination "Maschseefest" au lieu d'une adresse dans NUNAV, vous serez directement guidé vers une place de parking libre, ce qui évite les embouteillages. </p>								</div>
				</div>
				<div class="elementor-element elementor-element-f1c58af elementor-widget elementor-widget-jet-listing-dynamic-link" data-id="f1c58af" data-element_type="widget" data-e-type="widget" data-widget_type="jet-listing-dynamic-link.default">
				<div class="elementor-widget-container">
					<a href="/fr/an-und-abreise/nunav/" class="jet-listing-dynamic-link__link"><div class="jet-listing-dynamic-link__icon is-svg-icon"><svg class="e-font-icon-svg e-fas-chevron-right" aria-hidden="true" viewbox="0 0 320 512" xmlns="http://www.w3.org/2000/svg"><path d="M285.476 272.971L91.132 467.314c-9.373 9.373-24.569 9.373-33.941 0l-22.667-22.667c-9.357-9.357-9.375-24.522-.04-33.901L188.505 256 34.484 101.255c-9.335-9.379-9.317-24.544.04-33.901l22.667-22.667c9.373-9.373 24.569-9.373 33.941 0L285.475 239.03c9.373 9.372 9.373 24.568.001 33.941z"></path></svg></div><span class="jet-listing-dynamic-link__label">Plus d'infos</span></a>				</div>
				</div>
				</div>
		<div class="elementor-element elementor-element-0b7f958 e-con-full e-flex e-con e-child" data-id="0b7f958" data-element_type="container" data-e-type="container" data-settings="{&quot;background_background&quot;:&quot;classic&quot;}" data-isc-images="1738">
				</div>
				</div>
				</div>

<p>Auto stehen lassen Von einer Anfahrt mit dem Auto bis direkt an den Maschsee wird dringend abgeraten, da die Parkplatzsituation am Maschsee und in der Südstadt während des Festes erfahrungsgemäß sehr kritisch ist. Lasst euer Auto also am besten zu Hause stehen und reist mit den öffentlichen Verkehrsmitteln an! Das Arthur-Menge-Ufer (ab Courtyard-Hotel), die Culemannstraße, [&hellip;]</p>
