{"id":3464,"date":"2024-07-11T17:00:33","date_gmt":"2024-07-11T15:00:33","guid":{"rendered":"http:\/\/web5.s149.goserver.host\/an-und-abreise\/taxi-moia-copy\/"},"modified":"2025-08-01T15:23:11","modified_gmt":"2025-08-01T13:23:11","slug":"auto","status":"publish","type":"page","link":"https:\/\/www.maschseefest.de\/it\/an-und-abreise\/auto\/","title":{"rendered":"Viaggiare in auto"},"content":{"rendered":"<div data-elementor-type=\"wp-page\" data-elementor-id=\"3464\" class=\"elementor elementor-3464\" data-elementor-post-type=\"page\">\n\t\t\t\t<div class=\"elementor-element elementor-element-2bae53e e-flex e-con-boxed e-con e-parent\" data-id=\"2bae53e\" data-element_type=\"container\" data-e-type=\"container\">\n\t\t\t\t\t<div class=\"e-con-inner\">\n\t\t\t\t<div class=\"elementor-element elementor-element-19e148a elementor-widget elementor-widget-heading\" data-id=\"19e148a\" data-element_type=\"widget\" data-e-type=\"widget\" data-widget_type=\"heading.default\">\n\t\t\t\t<div class=\"elementor-widget-container\">\n\t\t\t\t\t<h3 class=\"elementor-heading-title elementor-size-default\">Lasciare l'auto parcheggiata<\/h3>\t\t\t\t<\/div>\n\t\t\t\t<\/div>\n\t\t\t\t<div class=\"elementor-element elementor-element-d7b22c6 elementor-widget elementor-widget-text-editor\" data-id=\"d7b22c6\" data-element_type=\"widget\" data-e-type=\"widget\" data-widget_type=\"text-editor.default\">\n\t\t\t\t<div class=\"elementor-widget-container\">\n\t\t\t\t\t\t\t\t\t<p>Sconsigliamo vivamente di recarsi in auto direttamente al Maschsee, poich\u00e9 l'esperienza ha dimostrato che la situazione dei parcheggi al Maschsee e a S\u00fcdstadt \u00e8 molto critica durante il festival. \u00c8 quindi meglio lasciare l'auto a casa e viaggiare con i mezzi pubblici!<\/p><p>Arthur-Menge-Ufer (dall'Hotel Courtyard), Culemannstra\u00dfe, Rudolf-von-Bennigsen-Ufer (fino ad Altenbekener Damm) e Willy-Brandt-Allee saranno chiuse il venerd\u00ec e il sabato a partire dalle 18:00 circa. Per ridurre al minimo l'impatto sui residenti della parte occidentale di S\u00fcdstadt nei giorni dell'evento, l'area tra Maschsee e Hildesheimer Stra\u00dfe sar\u00e0 temporaneamente chiusa ai non residenti. La chiusura sar\u00e0 applicata il mercoled\u00ec e il gioved\u00ec dalle 17.00 alle 20.00, il venerd\u00ec dalle 17.00 alle 22.00 e il sabato dalle 17.00 alle 22.30.<\/p>\t\t\t\t\t\t\t\t<\/div>\n\t\t\t\t<\/div>\n\t\t\t\t<div class=\"elementor-element elementor-element-0a4e2f5 elementor-widget-divider--view-line elementor-widget elementor-widget-divider\" data-id=\"0a4e2f5\" data-element_type=\"widget\" data-e-type=\"widget\" data-widget_type=\"divider.default\">\n\t\t\t\t<div class=\"elementor-widget-container\">\n\t\t\t\t\t\t\t<div class=\"elementor-divider\">\n\t\t\t<span class=\"elementor-divider-separator\">\n\t\t\t\t\t\t<\/span>\n\t\t<\/div>\n\t\t\t\t\t\t<\/div>\n\t\t\t\t<\/div>\n\t\t\t\t<div class=\"elementor-element elementor-element-e1b4dac elementor-widget elementor-widget-image\" data-id=\"e1b4dac\" data-element_type=\"widget\" data-e-type=\"widget\" data-widget_type=\"image.default\">\n\t\t\t\t<div class=\"elementor-widget-container\">\n\t\t\t\t\t\t\t\t\t\t\t\t\t\t\t<img fetchpriority=\"high\" decoding=\"async\" width=\"800\" height=\"494\" src=\"https:\/\/www.maschseefest.de\/wp-content\/uploads\/2024\/07\/Schuetzenplatz-1024x632.jpg\" class=\"attachment-large size-large wp-image-3084\" alt=\"\" srcset=\"https:\/\/www.maschseefest.de\/wp-content\/uploads\/2024\/07\/Schuetzenplatz-1024x632.jpg 1024w, https:\/\/www.maschseefest.de\/wp-content\/uploads\/2024\/07\/Schuetzenplatz-300x185.jpg 300w, https:\/\/www.maschseefest.de\/wp-content\/uploads\/2024\/07\/Schuetzenplatz-768x474.jpg 768w, https:\/\/www.maschseefest.de\/wp-content\/uploads\/2024\/07\/Schuetzenplatz-1536x948.jpg 1536w, https:\/\/www.maschseefest.de\/wp-content\/uploads\/2024\/07\/Schuetzenplatz-2048x1264.jpg 2048w\" sizes=\"(max-width: 800px) 100vw, 800px\" \/>\t\t\t\t\t\t\t\t\t\t\t\t\t\t\t<\/div>\n\t\t\t\t<\/div>\n\t\t\t\t<div class=\"elementor-element elementor-element-48385de elementor-widget elementor-widget-heading\" data-id=\"48385de\" data-element_type=\"widget\" data-e-type=\"widget\" data-widget_type=\"heading.default\">\n\t\t\t\t<div class=\"elementor-widget-container\">\n\t\t\t\t\t<h3 class=\"elementor-heading-title elementor-size-default\">In auto: possibilit\u00e0 di Park + Ride nell'area di Hannover.<\/h3>\t\t\t\t<\/div>\n\t\t\t\t<\/div>\n\t\t\t\t<div class=\"elementor-element elementor-element-86fd9b2 elementor-widget elementor-widget-heading\" data-id=\"86fd9b2\" data-element_type=\"widget\" data-e-type=\"widget\" data-widget_type=\"heading.default\">\n\t\t\t\t<div class=\"elementor-widget-container\">\n\t\t\t\t\t<h3 class=\"elementor-heading-title elementor-size-default\">Parcheggio + corsa<\/h3>\t\t\t\t<\/div>\n\t\t\t\t<\/div>\n\t\t\t\t<div class=\"elementor-element elementor-element-1051021 elementor-widget elementor-widget-text-editor\" data-id=\"1051021\" data-element_type=\"widget\" data-e-type=\"widget\" data-widget_type=\"text-editor.default\">\n\t\t\t\t<div class=\"elementor-widget-container\">\n\t\t\t\t\t\t\t\t\t<p>Se si desidera comunque viaggiare in auto, \u00e8 meglio parcheggiare all'esterno e proseguire il viaggio con i mezzi pubblici. Non esiste un servizio di Park and Ride designato per il Festival del Maschsee, ma ci sono diversi Park + Ride ad Hannover e nella regione.<\/p><p>Attualmente ci sono circa 6.100 posti auto P+R nell'area della Greater Hannover Transport Authority (GVH). Tutti i Park + Ride possono essere utilizzati gratuitamente e sono aperti 24 ore al giorno. Le strutture Park + Ride sono situate nelle immediate vicinanze di fermate e interscambi, rendendo pi\u00f9 facile il passaggio dall'auto privata al trasporto ferroviario locale.<\/p><p><strong>\u00a0<\/strong><\/p><h3><strong>Parcheggio nella Sch\u00fctzenplatz<\/strong><\/h3><p>E per coloro che desiderano raggiungere la citt\u00e0 in auto, il <strong>Poligono di tiro di Hannover<\/strong> (da l\u00ec si arriva al Maschsee in 5 minuti a piedi, seguendo le indicazioni per il parcheggio). Qui c'\u00e8 un numero limitato di posti auto.<\/p><p><strong>ATTENZIONE: a causa di lavori di costruzione in Waterloostra\u00dfe, il parcheggio Sch\u00fctzenplatz Hannover \u00e8 raggiungibile attraverso Victoria-Luise-Weg\/ Herrenh\u00e4user Tor e via Robert-Enke-Stra\u00dfe\/Schausteller-Tor. Il cancello Gilde su Bruchmeisterallee sar\u00e0 chiuso.<\/strong><\/p><p>Poligono di tiro di Hannover<br \/>Parcheggio: 5 euro<\/p>\t\t\t\t\t\t\t\t<\/div>\n\t\t\t\t<\/div>\n\t\t<div class=\"elementor-element elementor-element-964e25c e-con-full e-flex e-con e-child\" data-id=\"964e25c\" data-element_type=\"container\" data-e-type=\"container\" data-settings=\"{&quot;background_background&quot;:&quot;classic&quot;}\">\n\t\t\t\t<div class=\"elementor-element elementor-element-3067e42 elementor-widget-mobile__width-inherit elementor-widget elementor-widget-image\" data-id=\"3067e42\" data-element_type=\"widget\" data-e-type=\"widget\" data-widget_type=\"image.default\">\n\t\t\t\t<div class=\"elementor-widget-container\">\n\t\t\t\t\t\t\t\t\t\t\t\t\t\t\t<img decoding=\"async\" width=\"180\" height=\"180\" src=\"https:\/\/www.maschseefest.de\/wp-content\/uploads\/2024\/07\/unnamed.jpg\" class=\"attachment-large size-large wp-image-3473\" alt=\"\" srcset=\"https:\/\/www.maschseefest.de\/wp-content\/uploads\/2024\/07\/unnamed.jpg 180w, https:\/\/www.maschseefest.de\/wp-content\/uploads\/2024\/07\/unnamed-150x150.jpg 150w\" sizes=\"(max-width: 180px) 100vw, 180px\" \/>\t\t\t\t\t\t\t\t\t\t\t\t\t\t\t<\/div>\n\t\t\t\t<\/div>\n\t\t\t\t<div class=\"elementor-element elementor-element-a04d01e elementor-widget elementor-widget-heading\" data-id=\"a04d01e\" data-element_type=\"widget\" data-e-type=\"widget\" data-widget_type=\"heading.default\">\n\t\t\t\t<div class=\"elementor-widget-container\">\n\t\t\t\t\t<h3 class=\"elementor-heading-title elementor-size-default\"><a href=\"https:\/\/www.uestra.de\/service\/mobilitaetsangebote\/park-ride-\/-bike-ride\/\" target=\"_blank\" rel=\"noopener\">Park + Ride ad Hanover<\/a><\/h3>\t\t\t\t<\/div>\n\t\t\t\t<\/div>\n\t\t\t\t<div class=\"elementor-element elementor-element-808eda9 elementor-view-default elementor-widget elementor-widget-icon\" data-id=\"808eda9\" data-element_type=\"widget\" data-e-type=\"widget\" data-widget_type=\"icon.default\">\n\t\t\t\t<div class=\"elementor-widget-container\">\n\t\t\t\t\t\t\t<div class=\"elementor-icon-wrapper\">\n\t\t\t<a class=\"elementor-icon\" href=\"https:\/\/www.uestra.de\/service\/mobilitaetsangebote\/park-ride-\/-bike-ride\/\" target=\"_blank\" rel=\"noopener\">\n\t\t\t<svg aria-hidden=\"true\" class=\"e-font-icon-svg e-fas-chevron-right\" viewbox=\"0 0 320 512\" xmlns=\"http:\/\/www.w3.org\/2000\/svg\"><path d=\"M285.476 272.971L91.132 467.314c-9.373 9.373-24.569 9.373-33.941 0l-22.667-22.667c-9.357-9.357-9.375-24.522-.04-33.901L188.505 256 34.484 101.255c-9.335-9.379-9.317-24.544.04-33.901l22.667-22.667c9.373-9.373 24.569-9.373 33.941 0L285.475 239.03c9.373 9.372 9.373 24.568.001 33.941z\"><\/path><\/svg>\t\t\t<\/a>\n\t\t<\/div>\n\t\t\t\t\t\t<\/div>\n\t\t\t\t<\/div>\n\t\t\t\t<\/div>\n\t\t\t\t\t<\/div>\n\t\t\t\t<\/div>\n\t\t<div class=\"elementor-element elementor-element-3836ea7 e-con-full e-flex e-con e-parent\" data-id=\"3836ea7\" data-element_type=\"container\" data-e-type=\"container\">\n\t\t<div class=\"elementor-element elementor-element-7f08b9a e-con-full e-flex e-con e-child\" data-id=\"7f08b9a\" data-element_type=\"container\" data-e-type=\"container\" data-settings=\"{&quot;background_background&quot;:&quot;classic&quot;}\">\n\t\t\t\t<div class=\"elementor-element elementor-element-0a1a2af elementor-widget elementor-widget-heading\" data-id=\"0a1a2af\" data-element_type=\"widget\" data-e-type=\"widget\" data-widget_type=\"heading.default\">\n\t\t\t\t<div class=\"elementor-widget-container\">\n\t\t\t\t\t<h2 class=\"elementor-heading-title elementor-size-default\">NUNAV - Applicazione di navigazione satellitare gratuita<\/h2>\t\t\t\t<\/div>\n\t\t\t\t<\/div>\n\t\t\t\t<div class=\"elementor-element elementor-element-9a3ee33 elementor-widget elementor-widget-text-editor\" data-id=\"9a3ee33\" data-element_type=\"widget\" data-e-type=\"widget\" data-widget_type=\"text-editor.default\">\n\t\t\t\t<div class=\"elementor-widget-container\">\n\t\t\t\t\t\t\t\t\t<p>Accesso senza stress a un parcheggio gratuito: HVG collabora con l'app di navigazione gratuita NUNAV per aiutarvi ad arrivare in auto. Se inserite in NUNAV la destinazione \"Maschseefest\" invece di un indirizzo, sarete guidati direttamente a un parcheggio gratuito per evitare ingorghi.\u00a0<\/p>\t\t\t\t\t\t\t\t<\/div>\n\t\t\t\t<\/div>\n\t\t\t\t<div class=\"elementor-element elementor-element-f1c58af elementor-widget elementor-widget-jet-listing-dynamic-link\" data-id=\"f1c58af\" data-element_type=\"widget\" data-e-type=\"widget\" data-widget_type=\"jet-listing-dynamic-link.default\">\n\t\t\t\t<div class=\"elementor-widget-container\">\n\t\t\t\t\t<a href=\"\/it\/an-und-abreise\/nunav\/\" class=\"jet-listing-dynamic-link__link\"><div class=\"jet-listing-dynamic-link__icon is-svg-icon\"><svg class=\"e-font-icon-svg e-fas-chevron-right\" aria-hidden=\"true\" viewbox=\"0 0 320 512\" xmlns=\"http:\/\/www.w3.org\/2000\/svg\"><path d=\"M285.476 272.971L91.132 467.314c-9.373 9.373-24.569 9.373-33.941 0l-22.667-22.667c-9.357-9.357-9.375-24.522-.04-33.901L188.505 256 34.484 101.255c-9.335-9.379-9.317-24.544.04-33.901l22.667-22.667c9.373-9.373 24.569-9.373 33.941 0L285.475 239.03c9.373 9.372 9.373 24.568.001 33.941z\"><\/path><\/svg><\/div><span class=\"jet-listing-dynamic-link__label\">Pi\u00f9 informazioni<\/span><\/a>\t\t\t\t<\/div>\n\t\t\t\t<\/div>\n\t\t\t\t<\/div>\n\t\t<div class=\"elementor-element elementor-element-0b7f958 e-con-full e-flex e-con e-child\" data-id=\"0b7f958\" data-element_type=\"container\" data-e-type=\"container\" data-settings=\"{&quot;background_background&quot;:&quot;classic&quot;}\" data-isc-images=\"1738\">\n\t\t\t\t<\/div>\n\t\t\t\t<\/div>\n\t\t\t\t<\/div>","protected":false},"excerpt":{"rendered":"<p>Auto stehen lassen Von einer Anfahrt mit dem Auto bis direkt an den Maschsee wird dringend abgeraten, da die Parkplatzsituation am Maschsee und in der S\u00fcdstadt w\u00e4hrend des Festes erfahrungsgem\u00e4\u00df sehr kritisch ist. Lasst euer Auto also am besten zu Hause stehen und reist mit den \u00f6ffentlichen Verkehrsmitteln an! Das Arthur-Menge-Ufer (ab Courtyard-Hotel), die Culemannstra\u00dfe, [&hellip;]<\/p>\n","protected":false},"author":4,"featured_media":3080,"parent":1126,"menu_order":0,"comment_status":"closed","ping_status":"closed","template":"","meta":{"footnotes":""},"class_list":["post-3464","page","type-page","status-publish","has-post-thumbnail","hentry"],"_links":{"self":[{"href":"https:\/\/www.maschseefest.de\/it\/wp-json\/wp\/v2\/pages\/3464","targetHints":{"allow":["GET"]}}],"collection":[{"href":"https:\/\/www.maschseefest.de\/it\/wp-json\/wp\/v2\/pages"}],"about":[{"href":"https:\/\/www.maschseefest.de\/it\/wp-json\/wp\/v2\/types\/page"}],"author":[{"embeddable":true,"href":"https:\/\/www.maschseefest.de\/it\/wp-json\/wp\/v2\/users\/4"}],"replies":[{"embeddable":true,"href":"https:\/\/www.maschseefest.de\/it\/wp-json\/wp\/v2\/comments?post=3464"}],"version-history":[{"count":28,"href":"https:\/\/www.maschseefest.de\/it\/wp-json\/wp\/v2\/pages\/3464\/revisions"}],"predecessor-version":[{"id":7397,"href":"https:\/\/www.maschseefest.de\/it\/wp-json\/wp\/v2\/pages\/3464\/revisions\/7397"}],"up":[{"embeddable":true,"href":"https:\/\/www.maschseefest.de\/it\/wp-json\/wp\/v2\/pages\/1126"}],"wp:featuredmedia":[{"embeddable":true,"href":"https:\/\/www.maschseefest.de\/it\/wp-json\/wp\/v2\/media\/3080"}],"wp:attachment":[{"href":"https:\/\/www.maschseefest.de\/it\/wp-json\/wp\/v2\/media?parent=3464"}],"curies":[{"name":"wp","href":"https:\/\/api.w.org\/{rel}","templated":true}]}}

<div data-elementor-type="wp-page" data-elementor-id="3464" class="elementor elementor-3464" data-elementor-post-type="page">
				<div class="elementor-element elementor-element-2bae53e e-flex e-con-boxed e-con e-parent" data-id="2bae53e" data-element_type="container" data-e-type="container">
					<div class="e-con-inner">
				<div class="elementor-element elementor-element-19e148a elementor-widget elementor-widget-heading" data-id="19e148a" data-element_type="widget" data-e-type="widget" data-widget_type="heading.default">
				<div class="elementor-widget-container">
					<h3 class="elementor-heading-title elementor-size-default">Lasciare l'auto parcheggiata</h3>				</div>
				</div>
				<div class="elementor-element elementor-element-d7b22c6 elementor-widget elementor-widget-text-editor" data-id="d7b22c6" data-element_type="widget" data-e-type="widget" data-widget_type="text-editor.default">
				<div class="elementor-widget-container">
									<p>Sconsigliamo vivamente di recarsi in auto direttamente al Maschsee, poiché l'esperienza ha dimostrato che la situazione dei parcheggi al Maschsee e a Südstadt è molto critica durante il festival. È quindi meglio lasciare l'auto a casa e viaggiare con i mezzi pubblici!</p><p>Arthur-Menge-Ufer (dall'Hotel Courtyard), Culemannstraße, Rudolf-von-Bennigsen-Ufer (fino ad Altenbekener Damm) e Willy-Brandt-Allee saranno chiuse il venerdì e il sabato a partire dalle 18:00 circa. Per ridurre al minimo l'impatto sui residenti della parte occidentale di Südstadt nei giorni dell'evento, l'area tra Maschsee e Hildesheimer Straße sarà temporaneamente chiusa ai non residenti. La chiusura sarà applicata il mercoledì e il giovedì dalle 17.00 alle 20.00, il venerdì dalle 17.00 alle 22.00 e il sabato dalle 17.00 alle 22.30.</p>								</div>
				</div>
				<div class="elementor-element elementor-element-0a4e2f5 elementor-widget-divider--view-line elementor-widget elementor-widget-divider" data-id="0a4e2f5" data-element_type="widget" data-e-type="widget" data-widget_type="divider.default">
				<div class="elementor-widget-container">
							<div class="elementor-divider">
			<span class="elementor-divider-separator">
						</span>
		</div>
						</div>
				</div>
				<div class="elementor-element elementor-element-e1b4dac elementor-widget elementor-widget-image" data-id="e1b4dac" data-element_type="widget" data-e-type="widget" data-widget_type="image.default">
				<div class="elementor-widget-container">
															<img fetchpriority="high" decoding="async" width="800" height="494" src="https://www.maschseefest.de/wp-content/uploads/2024/07/Schuetzenplatz-1024x632.jpg" class="attachment-large size-large wp-image-3084" alt="" srcset="https://www.maschseefest.de/wp-content/uploads/2024/07/Schuetzenplatz-1024x632.jpg 1024w, https://www.maschseefest.de/wp-content/uploads/2024/07/Schuetzenplatz-300x185.jpg 300w, https://www.maschseefest.de/wp-content/uploads/2024/07/Schuetzenplatz-768x474.jpg 768w, https://www.maschseefest.de/wp-content/uploads/2024/07/Schuetzenplatz-1536x948.jpg 1536w, https://www.maschseefest.de/wp-content/uploads/2024/07/Schuetzenplatz-2048x1264.jpg 2048w" sizes="(max-width: 800px) 100vw, 800px" />															</div>
				</div>
				<div class="elementor-element elementor-element-48385de elementor-widget elementor-widget-heading" data-id="48385de" data-element_type="widget" data-e-type="widget" data-widget_type="heading.default">
				<div class="elementor-widget-container">
					<h3 class="elementor-heading-title elementor-size-default">In auto: possibilità di Park + Ride nell'area di Hannover.</h3>				</div>
				</div>
				<div class="elementor-element elementor-element-86fd9b2 elementor-widget elementor-widget-heading" data-id="86fd9b2" data-element_type="widget" data-e-type="widget" data-widget_type="heading.default">
				<div class="elementor-widget-container">
					<h3 class="elementor-heading-title elementor-size-default">Parcheggio + corsa</h3>				</div>
				</div>
				<div class="elementor-element elementor-element-1051021 elementor-widget elementor-widget-text-editor" data-id="1051021" data-element_type="widget" data-e-type="widget" data-widget_type="text-editor.default">
				<div class="elementor-widget-container">
									<p>Se si desidera comunque viaggiare in auto, è meglio parcheggiare all'esterno e proseguire il viaggio con i mezzi pubblici. Non esiste un servizio di Park and Ride designato per il Festival del Maschsee, ma ci sono diversi Park + Ride ad Hannover e nella regione.</p><p>Attualmente ci sono circa 6.100 posti auto P+R nell'area della Greater Hannover Transport Authority (GVH). Tutti i Park + Ride possono essere utilizzati gratuitamente e sono aperti 24 ore al giorno. Le strutture Park + Ride sono situate nelle immediate vicinanze di fermate e interscambi, rendendo più facile il passaggio dall'auto privata al trasporto ferroviario locale.</p><p><strong> </strong></p><h3><strong>Parcheggio nella Schützenplatz</strong></h3><p>E per coloro che desiderano raggiungere la città in auto, il <strong>Poligono di tiro di Hannover</strong> (da lì si arriva al Maschsee in 5 minuti a piedi, seguendo le indicazioni per il parcheggio). Qui c'è un numero limitato di posti auto.</p><p><strong>ATTENZIONE: a causa di lavori di costruzione in Waterloostraße, il parcheggio Schützenplatz Hannover è raggiungibile attraverso Victoria-Luise-Weg/ Herrenhäuser Tor e via Robert-Enke-Straße/Schausteller-Tor. Il cancello Gilde su Bruchmeisterallee sarà chiuso.</strong></p><p>Poligono di tiro di Hannover<br />Parcheggio: 5 euro</p>								</div>
				</div>
		<div class="elementor-element elementor-element-964e25c e-con-full e-flex e-con e-child" data-id="964e25c" data-element_type="container" data-e-type="container" data-settings="{&quot;background_background&quot;:&quot;classic&quot;}">
				<div class="elementor-element elementor-element-3067e42 elementor-widget-mobile__width-inherit elementor-widget elementor-widget-image" data-id="3067e42" data-element_type="widget" data-e-type="widget" data-widget_type="image.default">
				<div class="elementor-widget-container">
															<img decoding="async" width="180" height="180" src="https://www.maschseefest.de/wp-content/uploads/2024/07/unnamed.jpg" class="attachment-large size-large wp-image-3473" alt="" srcset="https://www.maschseefest.de/wp-content/uploads/2024/07/unnamed.jpg 180w, https://www.maschseefest.de/wp-content/uploads/2024/07/unnamed-150x150.jpg 150w" sizes="(max-width: 180px) 100vw, 180px" />															</div>
				</div>
				<div class="elementor-element elementor-element-a04d01e elementor-widget elementor-widget-heading" data-id="a04d01e" data-element_type="widget" data-e-type="widget" data-widget_type="heading.default">
				<div class="elementor-widget-container">
					<h3 class="elementor-heading-title elementor-size-default"><a href="https://www.uestra.de/service/mobilitaetsangebote/park-ride-/-bike-ride/" target="_blank" rel="noopener">Park + Ride ad Hanover</a></h3>				</div>
				</div>
				<div class="elementor-element elementor-element-808eda9 elementor-view-default elementor-widget elementor-widget-icon" data-id="808eda9" data-element_type="widget" data-e-type="widget" data-widget_type="icon.default">
				<div class="elementor-widget-container">
							<div class="elementor-icon-wrapper">
			<a class="elementor-icon" href="https://www.uestra.de/service/mobilitaetsangebote/park-ride-/-bike-ride/" target="_blank" rel="noopener">
			<svg aria-hidden="true" class="e-font-icon-svg e-fas-chevron-right" viewbox="0 0 320 512" xmlns="http://www.w3.org/2000/svg"><path d="M285.476 272.971L91.132 467.314c-9.373 9.373-24.569 9.373-33.941 0l-22.667-22.667c-9.357-9.357-9.375-24.522-.04-33.901L188.505 256 34.484 101.255c-9.335-9.379-9.317-24.544.04-33.901l22.667-22.667c9.373-9.373 24.569-9.373 33.941 0L285.475 239.03c9.373 9.372 9.373 24.568.001 33.941z"></path></svg>			</a>
		</div>
						</div>
				</div>
				</div>
					</div>
				</div>
		<div class="elementor-element elementor-element-3836ea7 e-con-full e-flex e-con e-parent" data-id="3836ea7" data-element_type="container" data-e-type="container">
		<div class="elementor-element elementor-element-7f08b9a e-con-full e-flex e-con e-child" data-id="7f08b9a" data-element_type="container" data-e-type="container" data-settings="{&quot;background_background&quot;:&quot;classic&quot;}">
				<div class="elementor-element elementor-element-0a1a2af elementor-widget elementor-widget-heading" data-id="0a1a2af" data-element_type="widget" data-e-type="widget" data-widget_type="heading.default">
				<div class="elementor-widget-container">
					<h2 class="elementor-heading-title elementor-size-default">NUNAV - Applicazione di navigazione satellitare gratuita</h2>				</div>
				</div>
				<div class="elementor-element elementor-element-9a3ee33 elementor-widget elementor-widget-text-editor" data-id="9a3ee33" data-element_type="widget" data-e-type="widget" data-widget_type="text-editor.default">
				<div class="elementor-widget-container">
									<p>Accesso senza stress a un parcheggio gratuito: HVG collabora con l'app di navigazione gratuita NUNAV per aiutarvi ad arrivare in auto. Se inserite in NUNAV la destinazione "Maschseefest" invece di un indirizzo, sarete guidati direttamente a un parcheggio gratuito per evitare ingorghi. </p>								</div>
				</div>
				<div class="elementor-element elementor-element-f1c58af elementor-widget elementor-widget-jet-listing-dynamic-link" data-id="f1c58af" data-element_type="widget" data-e-type="widget" data-widget_type="jet-listing-dynamic-link.default">
				<div class="elementor-widget-container">
					<a href="/it/an-und-abreise/nunav/" class="jet-listing-dynamic-link__link"><div class="jet-listing-dynamic-link__icon is-svg-icon"><svg class="e-font-icon-svg e-fas-chevron-right" aria-hidden="true" viewbox="0 0 320 512" xmlns="http://www.w3.org/2000/svg"><path d="M285.476 272.971L91.132 467.314c-9.373 9.373-24.569 9.373-33.941 0l-22.667-22.667c-9.357-9.357-9.375-24.522-.04-33.901L188.505 256 34.484 101.255c-9.335-9.379-9.317-24.544.04-33.901l22.667-22.667c9.373-9.373 24.569-9.373 33.941 0L285.475 239.03c9.373 9.372 9.373 24.568.001 33.941z"></path></svg></div><span class="jet-listing-dynamic-link__label">Più informazioni</span></a>				</div>
				</div>
				</div>
		<div class="elementor-element elementor-element-0b7f958 e-con-full e-flex e-con e-child" data-id="0b7f958" data-element_type="container" data-e-type="container" data-settings="{&quot;background_background&quot;:&quot;classic&quot;}" data-isc-images="1738">
				</div>
				</div>
				</div>

<p>Auto stehen lassen Von einer Anfahrt mit dem Auto bis direkt an den Maschsee wird dringend abgeraten, da die Parkplatzsituation am Maschsee und in der Südstadt während des Festes erfahrungsgemäß sehr kritisch ist. Lasst euer Auto also am besten zu Hause stehen und reist mit den öffentlichen Verkehrsmitteln an! Das Arthur-Menge-Ufer (ab Courtyard-Hotel), die Culemannstraße, [&hellip;]</p>
