{"id":3572,"date":"2024-07-12T11:48:51","date_gmt":"2024-07-12T09:48:51","guid":{"rendered":"http:\/\/web5.s149.goserver.host\/kinderpgrogramm\/maschseepiraten-copy\/"},"modified":"2025-05-02T11:14:57","modified_gmt":"2025-05-02T09:14:57","slug":"kinderwiese","status":"publish","type":"page","link":"https:\/\/www.maschseefest.de\/pl\/kinderprogramm\/kinderwiese\/","title":{"rendered":"\u0141\u0105ka dla dzieci"},"content":{"rendered":"<div data-elementor-type=\"wp-page\" data-elementor-id=\"3572\" class=\"elementor elementor-3572\" data-elementor-post-type=\"page\">\n\t\t\t\t<div class=\"elementor-element elementor-element-bd39ff6 e-flex e-con-boxed e-con e-parent\" data-id=\"bd39ff6\" data-element_type=\"container\" data-e-type=\"container\">\n\t\t\t\t\t<div class=\"e-con-inner\">\n\t\t\t\t<div class=\"elementor-element elementor-element-ed73c58 elementor-widget elementor-widget-spacer\" data-id=\"ed73c58\" data-element_type=\"widget\" data-e-type=\"widget\" data-widget_type=\"spacer.default\">\n\t\t\t\t<div class=\"elementor-widget-container\">\n\t\t\t\t\t\t\t<div class=\"elementor-spacer\">\n\t\t\t<div class=\"elementor-spacer-inner\"><\/div>\n\t\t<\/div>\n\t\t\t\t\t\t<\/div>\n\t\t\t\t<\/div>\n\t\t\t\t<div class=\"elementor-element elementor-element-f1a37b7 elementor-widget elementor-widget-heading\" data-id=\"f1a37b7\" data-element_type=\"widget\" data-e-type=\"widget\" data-widget_type=\"heading.default\">\n\t\t\t\t<div class=\"elementor-widget-container\">\n\t\t\t\t\t<h3 class=\"elementor-heading-title elementor-size-default\">Zabawa i gry<\/h3>\t\t\t\t<\/div>\n\t\t\t\t<\/div>\n\t\t\t\t<div class=\"elementor-element elementor-element-67c8763 elementor-widget elementor-widget-heading\" data-id=\"67c8763\" data-element_type=\"widget\" data-e-type=\"widget\" data-widget_type=\"heading.default\">\n\t\t\t\t<div class=\"elementor-widget-container\">\n\t\t\t\t\t<h3 class=\"elementor-heading-title elementor-size-default\">Kolorowy program Kinderwiese 2025 pojawi si\u0119 wkr\u00f3tce.<\/h3>\t\t\t\t<\/div>\n\t\t\t\t<\/div>\n\t\t\t\t<div class=\"elementor-element elementor-element-58f1acf elementor-widget elementor-widget-text-editor\" data-id=\"58f1acf\" data-element_type=\"widget\" data-e-type=\"widget\" data-widget_type=\"text-editor.default\">\n\t\t\t\t<div class=\"elementor-widget-container\">\n\t\t\t\t\t\t\t\t\t<div class=\"content-content embed-articles editor-content article-full-view-main-text ezrichtext-field\"><div class=\"elementor-element elementor-element-a4c209c elementor-widget elementor-widget-text-editor\" data-id=\"a4c209c\" data-element_type=\"widget\" data-widget_type=\"text-editor.default\"><div class=\"elementor-widget-container\"><div class=\"elementor-element elementor-element-586303a elementor-widget elementor-widget-text-editor\" data-id=\"586303a\" data-element_type=\"widget\" data-widget_type=\"text-editor.default\"><div class=\"elementor-widget-container\"><div class=\"content-detail__summary ezrichtext-field\"><div class=\"elementor-element elementor-element-d3080bd elementor-widget elementor-widget-text-editor\" data-id=\"d3080bd\" data-element_type=\"widget\" data-widget_type=\"text-editor.default\"><div class=\"elementor-widget-container\"><p>Od pi\u0105tku do niedzieli oraz w \u015brody od 14:00 do 19:00 na \u0142\u0105ce przy Heinz von Heiden Arena odbywa si\u0119 kolorowy program dla dzieci:<\/p><p>Je\u015bli lubisz tworzy\u0107, wspina\u0107 si\u0119, je\u015b\u0107 pyszne lody, bawi\u0107 si\u0119, skaka\u0107 i szale\u0107, to \u0142\u0105ka dla dzieci jest miejscem dla Ciebie! Opr\u00f3cz programu artystycznego i rzemie\u015blniczego, gier i sport\u00f3w, \u0142\u0105ka dla dzieci jest pe\u0142na wspania\u0142ych zaj\u0119\u0107 dla m\u0142odszych i starszych.<\/p><\/div><\/div><\/div><\/div><\/div><\/div><\/div><\/div>\t\t\t\t\t\t\t\t<\/div>\n\t\t\t\t<\/div>\n\t\t\t\t<div class=\"elementor-element elementor-element-47429cf elementor-widget elementor-widget-jet-listing-dynamic-link\" data-id=\"47429cf\" data-element_type=\"widget\" data-e-type=\"widget\" data-widget_type=\"jet-listing-dynamic-link.default\">\n\t\t\t\t<div class=\"elementor-widget-container\">\n\t\t\t\t\t<a href=\"\/pl\/veranstaltungen\/filter\/type\/cpt_v_buehne:kinderwiese\/\" class=\"jet-listing-dynamic-link__link\"><div class=\"jet-listing-dynamic-link__icon is-svg-icon\"><svg class=\"e-font-icon-svg e-fas-chevron-right\" aria-hidden=\"true\" viewbox=\"0 0 320 512\" xmlns=\"http:\/\/www.w3.org\/2000\/svg\"><path d=\"M285.476 272.971L91.132 467.314c-9.373 9.373-24.569 9.373-33.941 0l-22.667-22.667c-9.357-9.357-9.375-24.522-.04-33.901L188.505 256 34.484 101.255c-9.335-9.379-9.317-24.544.04-33.901l22.667-22.667c9.373-9.373 24.569-9.373 33.941 0L285.475 239.03c9.373 9.372 9.373 24.568.001 33.941z\"><\/path><\/svg><\/div><span class=\"jet-listing-dynamic-link__label\">Do wydarze\u0144 na \u0142\u0105ce dla dzieci<\/span><\/a>\t\t\t\t<\/div>\n\t\t\t\t<\/div>\n\t\t\t\t<div class=\"elementor-element elementor-element-472f5e0 elementor-widget elementor-widget-gallery\" data-id=\"472f5e0\" data-element_type=\"widget\" data-e-type=\"widget\" data-settings=\"{&quot;columns&quot;:2,&quot;lazyload&quot;:&quot;yes&quot;,&quot;gallery_layout&quot;:&quot;grid&quot;,&quot;columns_tablet&quot;:2,&quot;columns_mobile&quot;:1,&quot;gap&quot;:{&quot;unit&quot;:&quot;px&quot;,&quot;size&quot;:10,&quot;sizes&quot;:[]},&quot;gap_tablet&quot;:{&quot;unit&quot;:&quot;px&quot;,&quot;size&quot;:10,&quot;sizes&quot;:[]},&quot;gap_mobile&quot;:{&quot;unit&quot;:&quot;px&quot;,&quot;size&quot;:10,&quot;sizes&quot;:[]},&quot;link_to&quot;:&quot;file&quot;,&quot;aspect_ratio&quot;:&quot;3:2&quot;,&quot;overlay_background&quot;:&quot;yes&quot;,&quot;content_hover_animation&quot;:&quot;fade-in&quot;}\" data-widget_type=\"gallery.default\">\n\t\t\t\t<div class=\"elementor-widget-container\">\n\t\t\t\t\t\t\t<div class=\"elementor-gallery__container\">\n\t\t\t\t\t\t\t<a class=\"e-gallery-item elementor-gallery-item elementor-animated-content\" href=\"https:\/\/www.maschseefest.de\/wp-content\/uploads\/2024\/07\/Kinderwiese1.jpg\" data-elementor-open-lightbox=\"yes\" data-elementor-lightbox-slideshow=\"472f5e0\" data-elementor-lightbox-title=\"Kinderwiese1\" data-e-action-hash=\"#elementor-action%3Aaction%3Dlightbox%26settings%3DeyJpZCI6MjEyMiwidXJsIjoiaHR0cHM6XC9cL3d3dy5tYXNjaHNlZWZlc3QuZGVcL3dwLWNvbnRlbnRcL3VwbG9hZHNcLzIwMjRcLzA3XC9LaW5kZXJ3aWVzZTEuanBnIiwic2xpZGVzaG93IjoiNDcyZjVlMCJ9\">\n\t\t\t\t\t<div class=\"e-gallery-image elementor-gallery-item__image\" data-thumbnail=\"https:\/\/www.maschseefest.de\/wp-content\/uploads\/2024\/07\/Kinderwiese1.jpg\" data-width=\"2048\" data-height=\"1536\" aria-label=\"\" role=\"img\" ><\/div>\n\t\t\t\t\t\t\t\t\t\t\t<div class=\"elementor-gallery-item__overlay\"><\/div>\n\t\t\t\t\t\t\t\t\t\t\t\t\t\t<\/a>\n\t\t\t\t\t\t\t<a class=\"e-gallery-item elementor-gallery-item elementor-animated-content\" href=\"https:\/\/www.maschseefest.de\/wp-content\/uploads\/2024\/07\/Kinderwiese.jpg\" data-elementor-open-lightbox=\"yes\" data-elementor-lightbox-slideshow=\"472f5e0\" data-elementor-lightbox-title=\"Kinderwiese\" data-e-action-hash=\"#elementor-action%3Aaction%3Dlightbox%26settings%3DeyJpZCI6MjExMSwidXJsIjoiaHR0cHM6XC9cL3d3dy5tYXNjaHNlZWZlc3QuZGVcL3dwLWNvbnRlbnRcL3VwbG9hZHNcLzIwMjRcLzA3XC9LaW5kZXJ3aWVzZS5qcGciLCJzbGlkZXNob3ciOiI0NzJmNWUwIn0%3D\">\n\t\t\t\t\t<div class=\"e-gallery-image elementor-gallery-item__image\" data-thumbnail=\"https:\/\/www.maschseefest.de\/wp-content\/uploads\/2024\/07\/Kinderwiese.jpg\" data-width=\"2048\" data-height=\"1536\" aria-label=\"\" role=\"img\" ><\/div>\n\t\t\t\t\t\t\t\t\t\t\t<div class=\"elementor-gallery-item__overlay\"><\/div>\n\t\t\t\t\t\t\t\t\t\t\t\t\t\t<\/a>\n\t\t\t\t\t<\/div>\n\t\t\t\t\t<\/div>\n\t\t\t\t<\/div>\n\t\t\t\t<div class=\"elementor-element elementor-element-b26db97 elementor-widget elementor-widget-spacer\" data-id=\"b26db97\" data-element_type=\"widget\" data-e-type=\"widget\" data-widget_type=\"spacer.default\">\n\t\t\t\t<div class=\"elementor-widget-container\">\n\t\t\t\t\t\t\t<div class=\"elementor-spacer\">\n\t\t\t<div class=\"elementor-spacer-inner\"><\/div>\n\t\t<\/div>\n\t\t\t\t\t\t<\/div>\n\t\t\t\t<\/div>\n\t\t\t\t\t<\/div>\n\t\t\t\t<\/div>\n\t\t\t\t<\/div>","protected":false},"excerpt":{"rendered":"<p>Spiel &amp; Spa\u00df Das bunte Programm der Kinderwiese 2025 folgt in K\u00fcrze. Von Freitag bis Sonntag sowie mittwochs gibt es von 14 bis 19 Uhr auf der Wiese an der Heinz von Heiden Arena ein buntes Programm f\u00fcr Kinder: Wer gerne bastelt, klettert, leckeres Eis verspeist, spielt, h\u00fcpft und tobt ist auf der Kinderwiese goldrichtig! [&hellip;]<\/p>\n","protected":false},"author":4,"featured_media":3833,"parent":3565,"menu_order":0,"comment_status":"closed","ping_status":"closed","template":"","meta":{"footnotes":""},"class_list":["post-3572","page","type-page","status-publish","has-post-thumbnail","hentry"],"_links":{"self":[{"href":"https:\/\/www.maschseefest.de\/pl\/wp-json\/wp\/v2\/pages\/3572","targetHints":{"allow":["GET"]}}],"collection":[{"href":"https:\/\/www.maschseefest.de\/pl\/wp-json\/wp\/v2\/pages"}],"about":[{"href":"https:\/\/www.maschseefest.de\/pl\/wp-json\/wp\/v2\/types\/page"}],"author":[{"embeddable":true,"href":"https:\/\/www.maschseefest.de\/pl\/wp-json\/wp\/v2\/users\/4"}],"replies":[{"embeddable":true,"href":"https:\/\/www.maschseefest.de\/pl\/wp-json\/wp\/v2\/comments?post=3572"}],"version-history":[{"count":12,"href":"https:\/\/www.maschseefest.de\/pl\/wp-json\/wp\/v2\/pages\/3572\/revisions"}],"predecessor-version":[{"id":6106,"href":"https:\/\/www.maschseefest.de\/pl\/wp-json\/wp\/v2\/pages\/3572\/revisions\/6106"}],"up":[{"embeddable":true,"href":"https:\/\/www.maschseefest.de\/pl\/wp-json\/wp\/v2\/pages\/3565"}],"wp:featuredmedia":[{"embeddable":true,"href":"https:\/\/www.maschseefest.de\/pl\/wp-json\/wp\/v2\/media\/3833"}],"wp:attachment":[{"href":"https:\/\/www.maschseefest.de\/pl\/wp-json\/wp\/v2\/media?parent=3572"}],"curies":[{"name":"wp","href":"https:\/\/api.w.org\/{rel}","templated":true}]}}

Łąka dla dzieci

<div data-elementor-type="wp-page" data-elementor-id="3572" class="elementor elementor-3572" data-elementor-post-type="page">
				<div class="elementor-element elementor-element-bd39ff6 e-flex e-con-boxed e-con e-parent" data-id="bd39ff6" data-element_type="container" data-e-type="container">
					<div class="e-con-inner">
				<div class="elementor-element elementor-element-ed73c58 elementor-widget elementor-widget-spacer" data-id="ed73c58" data-element_type="widget" data-e-type="widget" data-widget_type="spacer.default">
				<div class="elementor-widget-container">
							<div class="elementor-spacer">
			<div class="elementor-spacer-inner"></div>
		</div>
						</div>
				</div>
				<div class="elementor-element elementor-element-f1a37b7 elementor-widget elementor-widget-heading" data-id="f1a37b7" data-element_type="widget" data-e-type="widget" data-widget_type="heading.default">
				<div class="elementor-widget-container">
					<h3 class="elementor-heading-title elementor-size-default">Zabawa i gry</h3>				</div>
				</div>
				<div class="elementor-element elementor-element-67c8763 elementor-widget elementor-widget-heading" data-id="67c8763" data-element_type="widget" data-e-type="widget" data-widget_type="heading.default">
				<div class="elementor-widget-container">
					<h3 class="elementor-heading-title elementor-size-default">Kolorowy program Kinderwiese 2025 pojawi się wkrótce.</h3>				</div>
				</div>
				<div class="elementor-element elementor-element-58f1acf elementor-widget elementor-widget-text-editor" data-id="58f1acf" data-element_type="widget" data-e-type="widget" data-widget_type="text-editor.default">
				<div class="elementor-widget-container">
									<div class="content-content embed-articles editor-content article-full-view-main-text ezrichtext-field"><div class="elementor-element elementor-element-a4c209c elementor-widget elementor-widget-text-editor" data-id="a4c209c" data-element_type="widget" data-widget_type="text-editor.default"><div class="elementor-widget-container"><div class="elementor-element elementor-element-586303a elementor-widget elementor-widget-text-editor" data-id="586303a" data-element_type="widget" data-widget_type="text-editor.default"><div class="elementor-widget-container"><div class="content-detail__summary ezrichtext-field"><div class="elementor-element elementor-element-d3080bd elementor-widget elementor-widget-text-editor" data-id="d3080bd" data-element_type="widget" data-widget_type="text-editor.default"><div class="elementor-widget-container"><p>Od piątku do niedzieli oraz w środy od 14:00 do 19:00 na łące przy Heinz von Heiden Arena odbywa się kolorowy program dla dzieci:</p><p>Jeśli lubisz tworzyć, wspinać się, jeść pyszne lody, bawić się, skakać i szaleć, to łąka dla dzieci jest miejscem dla Ciebie! Oprócz programu artystycznego i rzemieślniczego, gier i sportów, łąka dla dzieci jest pełna wspaniałych zajęć dla młodszych i starszych.</p></div></div></div></div></div></div></div></div>								</div>
				</div>
				<div class="elementor-element elementor-element-47429cf elementor-widget elementor-widget-jet-listing-dynamic-link" data-id="47429cf" data-element_type="widget" data-e-type="widget" data-widget_type="jet-listing-dynamic-link.default">
				<div class="elementor-widget-container">
					<a href="/pl/veranstaltungen/filter/type/cpt_v_buehne:kinderwiese/" class="jet-listing-dynamic-link__link"><div class="jet-listing-dynamic-link__icon is-svg-icon"><svg class="e-font-icon-svg e-fas-chevron-right" aria-hidden="true" viewbox="0 0 320 512" xmlns="http://www.w3.org/2000/svg"><path d="M285.476 272.971L91.132 467.314c-9.373 9.373-24.569 9.373-33.941 0l-22.667-22.667c-9.357-9.357-9.375-24.522-.04-33.901L188.505 256 34.484 101.255c-9.335-9.379-9.317-24.544.04-33.901l22.667-22.667c9.373-9.373 24.569-9.373 33.941 0L285.475 239.03c9.373 9.372 9.373 24.568.001 33.941z"></path></svg></div><span class="jet-listing-dynamic-link__label">Do wydarzeń na łące dla dzieci</span></a>				</div>
				</div>
				<div class="elementor-element elementor-element-472f5e0 elementor-widget elementor-widget-gallery" data-id="472f5e0" data-element_type="widget" data-e-type="widget" data-settings="{&quot;columns&quot;:2,&quot;lazyload&quot;:&quot;yes&quot;,&quot;gallery_layout&quot;:&quot;grid&quot;,&quot;columns_tablet&quot;:2,&quot;columns_mobile&quot;:1,&quot;gap&quot;:{&quot;unit&quot;:&quot;px&quot;,&quot;size&quot;:10,&quot;sizes&quot;:[]},&quot;gap_tablet&quot;:{&quot;unit&quot;:&quot;px&quot;,&quot;size&quot;:10,&quot;sizes&quot;:[]},&quot;gap_mobile&quot;:{&quot;unit&quot;:&quot;px&quot;,&quot;size&quot;:10,&quot;sizes&quot;:[]},&quot;link_to&quot;:&quot;file&quot;,&quot;aspect_ratio&quot;:&quot;3:2&quot;,&quot;overlay_background&quot;:&quot;yes&quot;,&quot;content_hover_animation&quot;:&quot;fade-in&quot;}" data-widget_type="gallery.default">
				<div class="elementor-widget-container">
							<div class="elementor-gallery__container">
							<a class="e-gallery-item elementor-gallery-item elementor-animated-content" href="https://www.maschseefest.de/wp-content/uploads/2024/07/Kinderwiese1.jpg" data-elementor-open-lightbox="yes" data-elementor-lightbox-slideshow="472f5e0" data-elementor-lightbox-title="Kinderwiese1" data-e-action-hash="#elementor-action%3Aaction%3Dlightbox%26settings%3DeyJpZCI6MjEyMiwidXJsIjoiaHR0cHM6XC9cL3d3dy5tYXNjaHNlZWZlc3QuZGVcL3dwLWNvbnRlbnRcL3VwbG9hZHNcLzIwMjRcLzA3XC9LaW5kZXJ3aWVzZTEuanBnIiwic2xpZGVzaG93IjoiNDcyZjVlMCJ9">
					<div class="e-gallery-image elementor-gallery-item__image" data-thumbnail="https://www.maschseefest.de/wp-content/uploads/2024/07/Kinderwiese1.jpg" data-width="2048" data-height="1536" aria-label="" role="img" ></div>
											<div class="elementor-gallery-item__overlay"></div>
														</a>
							<a class="e-gallery-item elementor-gallery-item elementor-animated-content" href="https://www.maschseefest.de/wp-content/uploads/2024/07/Kinderwiese.jpg" data-elementor-open-lightbox="yes" data-elementor-lightbox-slideshow="472f5e0" data-elementor-lightbox-title="Kinderwiese" data-e-action-hash="#elementor-action%3Aaction%3Dlightbox%26settings%3DeyJpZCI6MjExMSwidXJsIjoiaHR0cHM6XC9cL3d3dy5tYXNjaHNlZWZlc3QuZGVcL3dwLWNvbnRlbnRcL3VwbG9hZHNcLzIwMjRcLzA3XC9LaW5kZXJ3aWVzZS5qcGciLCJzbGlkZXNob3ciOiI0NzJmNWUwIn0%3D">
					<div class="e-gallery-image elementor-gallery-item__image" data-thumbnail="https://www.maschseefest.de/wp-content/uploads/2024/07/Kinderwiese.jpg" data-width="2048" data-height="1536" aria-label="" role="img" ></div>
											<div class="elementor-gallery-item__overlay"></div>
														</a>
					</div>
					</div>
				</div>
				<div class="elementor-element elementor-element-b26db97 elementor-widget elementor-widget-spacer" data-id="b26db97" data-element_type="widget" data-e-type="widget" data-widget_type="spacer.default">
				<div class="elementor-widget-container">
							<div class="elementor-spacer">
			<div class="elementor-spacer-inner"></div>
		</div>
						</div>
				</div>
					</div>
				</div>
				</div>

<p>Spiel &amp; Spaß Das bunte Programm der Kinderwiese 2025 folgt in Kürze. Von Freitag bis Sonntag sowie mittwochs gibt es von 14 bis 19 Uhr auf der Wiese an der Heinz von Heiden Arena ein buntes Programm für Kinder: Wer gerne bastelt, klettert, leckeres Eis verspeist, spielt, hüpft und tobt ist auf der Kinderwiese goldrichtig! [&hellip;]</p>
