{"id":7707,"date":"2026-06-01T17:36:51","date_gmt":"2026-06-01T15:36:51","guid":{"rendered":"https:\/\/www.maschseefest.de\/?page_id=7707"},"modified":"2026-06-30T14:06:20","modified_gmt":"2026-06-30T12:06:20","slug":"kuenstlerinnen","status":"publish","type":"page","link":"https:\/\/www.maschseefest.de\/pl\/kuenstlerinnen\/","title":{"rendered":"Arty\u015bci"},"content":{"rendered":"<div data-elementor-type=\"wp-page\" data-elementor-id=\"7707\" class=\"elementor elementor-7707\" data-elementor-post-type=\"page\">\n\t\t\t\t<div class=\"elementor-element elementor-element-f5fa128 e-flex e-con-boxed e-con e-parent\" data-id=\"f5fa128\" data-element_type=\"container\" data-e-type=\"container\">\n\t\t\t\t\t<div class=\"e-con-inner\">\n\t\t\t\t<div class=\"elementor-element elementor-element-e6e53dc elementor-widget elementor-widget-heading\" data-id=\"e6e53dc\" data-element_type=\"widget\" data-e-type=\"widget\" data-widget_type=\"heading.default\">\n\t\t\t\t<div class=\"elementor-widget-container\">\n\t\t\t\t\t<h2 class=\"elementor-heading-title elementor-size-default\">Uwaga: Program festynu nad jeziorem Maschsee w 2026 roku jest ju\u017c gotowy. <br>Zg\u0142oszenia dotycz\u0105ce naszej sceny nad jeziorem Maschsee oraz pozosta\u0142ych scen wok\u00f3\u0142 jeziora nie b\u0119d\u0105 ju\u017c rozpatrywane w tym sezonie letnim. <br>Czekamy na wasze zg\u0142oszenia ju\u017c od zimy 2027 roku!<\/h2>\t\t\t\t<\/div>\n\t\t\t\t<\/div>\n\t\t\t\t\t<\/div>\n\t\t\t\t<\/div>\n\t\t<div class=\"elementor-element elementor-element-8b9f12e e-flex e-con-boxed e-con e-parent\" data-id=\"8b9f12e\" data-element_type=\"container\" data-e-type=\"container\" data-settings=\"{&quot;background_background&quot;:&quot;classic&quot;}\">\n\t\t\t\t\t<div class=\"e-con-inner\">\n\t\t<div class=\"elementor-element elementor-element-62f0e53 e-con-full e-flex e-con e-child\" data-id=\"62f0e53\" data-element_type=\"container\" data-e-type=\"container\" data-settings=\"{&quot;background_background&quot;:&quot;classic&quot;}\">\n\t\t\t\t<div class=\"elementor-element elementor-element-93460cc elementor-widget elementor-widget-heading\" data-id=\"93460cc\" data-element_type=\"widget\" data-e-type=\"widget\" data-widget_type=\"heading.default\">\n\t\t\t\t<div class=\"elementor-widget-container\">\n\t\t\t\t\t<h3 class=\"elementor-heading-title elementor-size-default\">Dla zainteresowanych programem scenicznym 2026 na scenie g\u0142\u00f3wnej:<\/h3>\t\t\t\t<\/div>\n\t\t\t\t<\/div>\n\t\t\t\t<div class=\"elementor-element elementor-element-117ab0c elementor-widget elementor-widget-text-editor\" data-id=\"117ab0c\" data-element_type=\"widget\" data-e-type=\"widget\" data-widget_type=\"text-editor.default\">\n\t\t\t\t<div class=\"elementor-widget-container\">\n\t\t\t\t\t\t\t\t\tObecnie mo\u017cna kontaktowa\u0107 si\u0119 z Josin\u0105 Kelz (Neue Presse) i Janem Sedeliesem (Hannoversche Allgemeine Zeitung) w sprawie programu scenicznego:\t\t\t\t\t\t\t\t<\/div>\n\t\t\t\t<\/div>\n\t\t\t\t<div class=\"elementor-element elementor-element-a887b27 elementor-icon-list--layout-traditional elementor-list-item-link-full_width elementor-widget elementor-widget-icon-list\" data-id=\"a887b27\" data-element_type=\"widget\" data-e-type=\"widget\" data-widget_type=\"icon-list.default\">\n\t\t\t\t<div class=\"elementor-widget-container\">\n\t\t\t\t\t\t\t<ul class=\"elementor-icon-list-items\">\n\t\t\t\t\t\t\t<li class=\"elementor-icon-list-item\">\n\t\t\t\t\t\t\t\t\t\t\t<a href=\"mailto:kelz@neuepresse.de\">\n\n\t\t\t\t\t\t\t\t\t\t\t\t<span class=\"elementor-icon-list-icon\">\n\t\t\t\t\t\t\t<svg xmlns=\"http:\/\/www.w3.org\/2000\/svg\" width=\"21\" height=\"20\" viewbox=\"0 0 21 20\" fill=\"none\"><path d=\"M12.255 12.2536C11.7326 12.5853 11.1257 12.7607 10.5 12.7607C9.87435 12.7607 9.26748 12.5853 8.74502 12.2536L0.139822 6.78983C0.0920801 6.75951 0.0455684 6.72791 0 6.69541V15.6484C0 16.6749 0.874658 17.4896 1.93319 17.4896H19.0668C20.1446 17.4896 21 16.6565 21 15.6484V6.69537C20.9543 6.72795 20.9077 6.75963 20.8598 6.78998L12.255 12.2536Z\" fill=\"#004994\"><\/path><path d=\"M0.822363 5.81475L9.42756 11.2786C9.75331 11.4854 10.1266 11.5888 10.5 11.5888C10.8733 11.5888 11.2467 11.4854 11.5724 11.2786L20.1776 5.81475C20.6926 5.48799 21 4.94112 21 4.35088C21 3.336 20.1331 2.51038 19.0675 2.51038H1.93253C0.866947 2.51042 0 3.33604 0 4.35186C0 4.94112 0.307453 5.48799 0.822363 5.81475Z\" fill=\"#004994\"><\/path><\/svg>\t\t\t\t\t\t<\/span>\n\t\t\t\t\t\t\t\t\t\t<span class=\"elementor-icon-list-text\">kelz@neuepresse.de<\/span>\n\t\t\t\t\t\t\t\t\t\t\t<\/a>\n\t\t\t\t\t\t\t\t\t<\/li>\n\t\t\t\t\t\t\t\t<li class=\"elementor-icon-list-item\">\n\t\t\t\t\t\t\t\t\t\t\t<a href=\"mailto:jan.sedelies@haz.de\">\n\n\t\t\t\t\t\t\t\t\t\t\t\t<span class=\"elementor-icon-list-icon\">\n\t\t\t\t\t\t\t<svg xmlns=\"http:\/\/www.w3.org\/2000\/svg\" width=\"21\" height=\"20\" viewbox=\"0 0 21 20\" fill=\"none\"><path d=\"M12.255 12.2536C11.7326 12.5853 11.1257 12.7607 10.5 12.7607C9.87435 12.7607 9.26748 12.5853 8.74502 12.2536L0.139822 6.78983C0.0920801 6.75951 0.0455684 6.72791 0 6.69541V15.6484C0 16.6749 0.874658 17.4896 1.93319 17.4896H19.0668C20.1446 17.4896 21 16.6565 21 15.6484V6.69537C20.9543 6.72795 20.9077 6.75963 20.8598 6.78998L12.255 12.2536Z\" fill=\"#004994\"><\/path><path d=\"M0.822363 5.81475L9.42756 11.2786C9.75331 11.4854 10.1266 11.5888 10.5 11.5888C10.8733 11.5888 11.2467 11.4854 11.5724 11.2786L20.1776 5.81475C20.6926 5.48799 21 4.94112 21 4.35088C21 3.336 20.1331 2.51038 19.0675 2.51038H1.93253C0.866947 2.51042 0 3.33604 0 4.35186C0 4.94112 0.307453 5.48799 0.822363 5.81475Z\" fill=\"#004994\"><\/path><\/svg>\t\t\t\t\t\t<\/span>\n\t\t\t\t\t\t\t\t\t\t<span class=\"elementor-icon-list-text\">jan.sedelies@haz.de<\/span>\n\t\t\t\t\t\t\t\t\t\t\t<\/a>\n\t\t\t\t\t\t\t\t\t<\/li>\n\t\t\t\t\t\t<\/ul>\n\t\t\t\t\t\t<\/div>\n\t\t\t\t<\/div>\n\t\t\t\t<div class=\"elementor-element elementor-element-d4f1afc elementor-widget elementor-widget-text-editor\" data-id=\"d4f1afc\" data-element_type=\"widget\" data-e-type=\"widget\" data-widget_type=\"text-editor.default\">\n\t\t\t\t<div class=\"elementor-widget-container\">\n\t\t\t\t\t\t\t\t\tRADIO 21 b\u0119dzie r\u00f3wnie\u017c partnerem scenicznym podczas drugiego weekendu Maschseefest. Osob\u0105 kontaktow\u0105 w tej sprawie jest Carina Bludau-Wachholz:\t\t\t\t\t\t\t\t<\/div>\n\t\t\t\t<\/div>\n\t\t\t\t<div class=\"elementor-element elementor-element-0128e05 elementor-icon-list--layout-traditional elementor-list-item-link-full_width elementor-widget elementor-widget-icon-list\" data-id=\"0128e05\" data-element_type=\"widget\" data-e-type=\"widget\" data-widget_type=\"icon-list.default\">\n\t\t\t\t<div class=\"elementor-widget-container\">\n\t\t\t\t\t\t\t<ul class=\"elementor-icon-list-items\">\n\t\t\t\t\t\t\t<li class=\"elementor-icon-list-item\">\n\t\t\t\t\t\t\t\t\t\t\t<a href=\"mailto:bludau-wachholz@radio21.de\">\n\n\t\t\t\t\t\t\t\t\t\t\t\t<span class=\"elementor-icon-list-icon\">\n\t\t\t\t\t\t\t<svg xmlns=\"http:\/\/www.w3.org\/2000\/svg\" width=\"21\" height=\"20\" viewbox=\"0 0 21 20\" fill=\"none\"><path d=\"M12.255 12.2536C11.7326 12.5853 11.1257 12.7607 10.5 12.7607C9.87435 12.7607 9.26748 12.5853 8.74502 12.2536L0.139822 6.78983C0.0920801 6.75951 0.0455684 6.72791 0 6.69541V15.6484C0 16.6749 0.874658 17.4896 1.93319 17.4896H19.0668C20.1446 17.4896 21 16.6565 21 15.6484V6.69537C20.9543 6.72795 20.9077 6.75963 20.8598 6.78998L12.255 12.2536Z\" fill=\"#004994\"><\/path><path d=\"M0.822363 5.81475L9.42756 11.2786C9.75331 11.4854 10.1266 11.5888 10.5 11.5888C10.8733 11.5888 11.2467 11.4854 11.5724 11.2786L20.1776 5.81475C20.6926 5.48799 21 4.94112 21 4.35088C21 3.336 20.1331 2.51038 19.0675 2.51038H1.93253C0.866947 2.51042 0 3.33604 0 4.35186C0 4.94112 0.307453 5.48799 0.822363 5.81475Z\" fill=\"#004994\"><\/path><\/svg>\t\t\t\t\t\t<\/span>\n\t\t\t\t\t\t\t\t\t\t<span class=\"elementor-icon-list-text\">bludau-wachholz@radio21.de<\/span>\n\t\t\t\t\t\t\t\t\t\t\t<\/a>\n\t\t\t\t\t\t\t\t\t<\/li>\n\t\t\t\t\t\t<\/ul>\n\t\t\t\t\t\t<\/div>\n\t\t\t\t<\/div>\n\t\t\t\t<\/div>\n\t\t<div class=\"elementor-element elementor-element-adddc72 e-con-full e-flex e-con e-child\" data-id=\"adddc72\" data-element_type=\"container\" data-e-type=\"container\" data-settings=\"{&quot;background_background&quot;:&quot;classic&quot;}\">\n\t\t\t\t<div class=\"elementor-element elementor-element-85130b4 elementor-widget elementor-widget-heading\" data-id=\"85130b4\" data-element_type=\"widget\" data-e-type=\"widget\" data-widget_type=\"heading.default\">\n\t\t\t\t<div class=\"elementor-widget-container\">\n\t\t\t\t\t<h3 class=\"elementor-heading-title elementor-size-default\">Dla os\u00f3b zainteresowanych programem etapowym 2026 na obszarach operatorskich:<\/h3>\t\t\t\t<\/div>\n\t\t\t\t<\/div>\n\t\t\t\t<div class=\"elementor-element elementor-element-8cb5e68 elementor-widget elementor-widget-text-editor\" data-id=\"8cb5e68\" data-element_type=\"widget\" data-e-type=\"widget\" data-widget_type=\"text-editor.default\">\n\t\t\t\t<div class=\"elementor-widget-container\">\n\t\t\t\t\t\t\t\t\tW zale\u017cno\u015bci od przestrzeni i koncepcji, nasze firmy cateringowe oferuj\u0105 w\u0142asny program. Prosimy o bezpo\u015bredni kontakt z operatorami:\t\t\t\t\t\t\t\t<\/div>\n\t\t\t\t<\/div>\n\t\t\t\t<div class=\"elementor-element elementor-element-8b15426 elementor-mobile-align-left elementor-widget elementor-widget-button\" data-id=\"8b15426\" data-element_type=\"widget\" data-e-type=\"widget\" data-widget_type=\"button.default\">\n\t\t\t\t<div class=\"elementor-widget-container\">\n\t\t\t\t\t\t\t\t\t<div class=\"elementor-button-wrapper\">\n\t\t\t\t\t<a class=\"elementor-button elementor-button-link elementor-size-sm\" href=\"\/pl\/gastronomie\/\">\n\t\t\t\t\t\t<span class=\"elementor-button-content-wrapper\">\n\t\t\t\t\t\t<span class=\"elementor-button-icon\">\n\t\t\t\t<svg aria-hidden=\"true\" class=\"e-font-icon-svg e-fas-angle-right\" viewbox=\"0 0 256 512\" xmlns=\"http:\/\/www.w3.org\/2000\/svg\"><path d=\"M224.3 273l-136 136c-9.4 9.4-24.6 9.4-33.9 0l-22.6-22.6c-9.4-9.4-9.4-24.6 0-33.9l96.4-96.4-96.4-96.4c-9.4-9.4-9.4-24.6 0-33.9L54.3 103c9.4-9.4 24.6-9.4 33.9 0l136 136c9.5 9.4 9.5 24.6.1 34z\"><\/path><\/svg>\t\t\t<\/span>\n\t\t\t\t\t\t\t\t\t<span class=\"elementor-button-text\">Gastronomia<\/span>\n\t\t\t\t\t<\/span>\n\t\t\t\t\t<\/a>\n\t\t\t\t<\/div>\n\t\t\t\t\t\t\t\t<\/div>\n\t\t\t\t<\/div>\n\t\t\t\t<div class=\"elementor-element elementor-element-0c7cce7 elementor-widget elementor-widget-text-editor\" data-id=\"0c7cce7\" data-element_type=\"widget\" data-e-type=\"widget\" data-widget_type=\"text-editor.default\">\n\t\t\t\t<div class=\"elementor-widget-container\">\n\t\t\t\t\t\t\t\t\t<p>To samo dotyczy os\u00f3b zainteresowanych prac\u0105 w gastronomii.<\/p>\t\t\t\t\t\t\t\t<\/div>\n\t\t\t\t<\/div>\n\t\t\t\t<\/div>\n\t\t\t\t\t<\/div>\n\t\t\t\t<\/div>\n\t\t\t\t<\/div>","protected":false},"excerpt":{"rendered":"<p>Hinweis: Das Programm f\u00fcr das Maschseefest 2026 steht. Bewerbungen f\u00fcr unsere Maschseeb\u00fchne sowie die weiteren B\u00fchnen um den See k\u00f6nnen f\u00fcr diesen Sommer nicht mehr ber\u00fccksichtigt werden. Wir freuen uns auf eure Bewerbungen ab dem Winter f\u00fcr 2027! F\u00fcr Interessierte am B\u00fchnenprogramm 2026 auf der Hauptb\u00fchne: Zum aktuellen Zeitpunkt k\u00f6nnen Sie sich bez\u00fcglich des B\u00fchnenprogramms [&hellip;]<\/p>\n","protected":false},"author":1,"featured_media":6628,"parent":0,"menu_order":0,"comment_status":"closed","ping_status":"closed","template":"","meta":{"footnotes":""},"class_list":["post-7707","page","type-page","status-publish","has-post-thumbnail","hentry"],"_links":{"self":[{"href":"https:\/\/www.maschseefest.de\/pl\/wp-json\/wp\/v2\/pages\/7707","targetHints":{"allow":["GET"]}}],"collection":[{"href":"https:\/\/www.maschseefest.de\/pl\/wp-json\/wp\/v2\/pages"}],"about":[{"href":"https:\/\/www.maschseefest.de\/pl\/wp-json\/wp\/v2\/types\/page"}],"author":[{"embeddable":true,"href":"https:\/\/www.maschseefest.de\/pl\/wp-json\/wp\/v2\/users\/1"}],"replies":[{"embeddable":true,"href":"https:\/\/www.maschseefest.de\/pl\/wp-json\/wp\/v2\/comments?post=7707"}],"version-history":[{"count":29,"href":"https:\/\/www.maschseefest.de\/pl\/wp-json\/wp\/v2\/pages\/7707\/revisions"}],"predecessor-version":[{"id":8474,"href":"https:\/\/www.maschseefest.de\/pl\/wp-json\/wp\/v2\/pages\/7707\/revisions\/8474"}],"wp:attachment":[{"href":"https:\/\/www.maschseefest.de\/pl\/wp-json\/wp\/v2\/media?parent=7707"}],"curies":[{"name":"wp","href":"https:\/\/api.w.org\/{rel}","templated":true}]}}

Artyści

<div data-elementor-type="wp-page" data-elementor-id="7707" class="elementor elementor-7707" data-elementor-post-type="page">
				<div class="elementor-element elementor-element-f5fa128 e-flex e-con-boxed e-con e-parent" data-id="f5fa128" data-element_type="container" data-e-type="container">
					<div class="e-con-inner">
				<div class="elementor-element elementor-element-e6e53dc elementor-widget elementor-widget-heading" data-id="e6e53dc" data-element_type="widget" data-e-type="widget" data-widget_type="heading.default">
				<div class="elementor-widget-container">
					<h2 class="elementor-heading-title elementor-size-default">Uwaga: Program festynu nad jeziorem Maschsee w 2026 roku jest już gotowy. <br>Zgłoszenia dotyczące naszej sceny nad jeziorem Maschsee oraz pozostałych scen wokół jeziora nie będą już rozpatrywane w tym sezonie letnim. <br>Czekamy na wasze zgłoszenia już od zimy 2027 roku!</h2>				</div>
				</div>
					</div>
				</div>
		<div class="elementor-element elementor-element-8b9f12e e-flex e-con-boxed e-con e-parent" data-id="8b9f12e" data-element_type="container" data-e-type="container" data-settings="{&quot;background_background&quot;:&quot;classic&quot;}">
					<div class="e-con-inner">
		<div class="elementor-element elementor-element-62f0e53 e-con-full e-flex e-con e-child" data-id="62f0e53" data-element_type="container" data-e-type="container" data-settings="{&quot;background_background&quot;:&quot;classic&quot;}">
				<div class="elementor-element elementor-element-93460cc elementor-widget elementor-widget-heading" data-id="93460cc" data-element_type="widget" data-e-type="widget" data-widget_type="heading.default">
				<div class="elementor-widget-container">
					<h3 class="elementor-heading-title elementor-size-default">Dla zainteresowanych programem scenicznym 2026 na scenie głównej:</h3>				</div>
				</div>
				<div class="elementor-element elementor-element-117ab0c elementor-widget elementor-widget-text-editor" data-id="117ab0c" data-element_type="widget" data-e-type="widget" data-widget_type="text-editor.default">
				<div class="elementor-widget-container">
									Obecnie można kontaktować się z Josiną Kelz (Neue Presse) i Janem Sedeliesem (Hannoversche Allgemeine Zeitung) w sprawie programu scenicznego:								</div>
				</div>
				<div class="elementor-element elementor-element-a887b27 elementor-icon-list--layout-traditional elementor-list-item-link-full_width elementor-widget elementor-widget-icon-list" data-id="a887b27" data-element_type="widget" data-e-type="widget" data-widget_type="icon-list.default">
				<div class="elementor-widget-container">
							<ul class="elementor-icon-list-items">
							<li class="elementor-icon-list-item">
											<a href="mailto:kelz@neuepresse.de">

												<span class="elementor-icon-list-icon">
							<svg xmlns="http://www.w3.org/2000/svg" width="21" height="20" viewbox="0 0 21 20" fill="none"><path d="M12.255 12.2536C11.7326 12.5853 11.1257 12.7607 10.5 12.7607C9.87435 12.7607 9.26748 12.5853 8.74502 12.2536L0.139822 6.78983C0.0920801 6.75951 0.0455684 6.72791 0 6.69541V15.6484C0 16.6749 0.874658 17.4896 1.93319 17.4896H19.0668C20.1446 17.4896 21 16.6565 21 15.6484V6.69537C20.9543 6.72795 20.9077 6.75963 20.8598 6.78998L12.255 12.2536Z" fill="#004994"></path><path d="M0.822363 5.81475L9.42756 11.2786C9.75331 11.4854 10.1266 11.5888 10.5 11.5888C10.8733 11.5888 11.2467 11.4854 11.5724 11.2786L20.1776 5.81475C20.6926 5.48799 21 4.94112 21 4.35088C21 3.336 20.1331 2.51038 19.0675 2.51038H1.93253C0.866947 2.51042 0 3.33604 0 4.35186C0 4.94112 0.307453 5.48799 0.822363 5.81475Z" fill="#004994"></path></svg>						</span>
										<span class="elementor-icon-list-text">kelz@neuepresse.de</span>
											</a>
									</li>
								<li class="elementor-icon-list-item">
											<a href="mailto:jan.sedelies@haz.de">

												<span class="elementor-icon-list-icon">
							<svg xmlns="http://www.w3.org/2000/svg" width="21" height="20" viewbox="0 0 21 20" fill="none"><path d="M12.255 12.2536C11.7326 12.5853 11.1257 12.7607 10.5 12.7607C9.87435 12.7607 9.26748 12.5853 8.74502 12.2536L0.139822 6.78983C0.0920801 6.75951 0.0455684 6.72791 0 6.69541V15.6484C0 16.6749 0.874658 17.4896 1.93319 17.4896H19.0668C20.1446 17.4896 21 16.6565 21 15.6484V6.69537C20.9543 6.72795 20.9077 6.75963 20.8598 6.78998L12.255 12.2536Z" fill="#004994"></path><path d="M0.822363 5.81475L9.42756 11.2786C9.75331 11.4854 10.1266 11.5888 10.5 11.5888C10.8733 11.5888 11.2467 11.4854 11.5724 11.2786L20.1776 5.81475C20.6926 5.48799 21 4.94112 21 4.35088C21 3.336 20.1331 2.51038 19.0675 2.51038H1.93253C0.866947 2.51042 0 3.33604 0 4.35186C0 4.94112 0.307453 5.48799 0.822363 5.81475Z" fill="#004994"></path></svg>						</span>
										<span class="elementor-icon-list-text">jan.sedelies@haz.de</span>
											</a>
									</li>
						</ul>
						</div>
				</div>
				<div class="elementor-element elementor-element-d4f1afc elementor-widget elementor-widget-text-editor" data-id="d4f1afc" data-element_type="widget" data-e-type="widget" data-widget_type="text-editor.default">
				<div class="elementor-widget-container">
									RADIO 21 będzie również partnerem scenicznym podczas drugiego weekendu Maschseefest. Osobą kontaktową w tej sprawie jest Carina Bludau-Wachholz:								</div>
				</div>
				<div class="elementor-element elementor-element-0128e05 elementor-icon-list--layout-traditional elementor-list-item-link-full_width elementor-widget elementor-widget-icon-list" data-id="0128e05" data-element_type="widget" data-e-type="widget" data-widget_type="icon-list.default">
				<div class="elementor-widget-container">
							<ul class="elementor-icon-list-items">
							<li class="elementor-icon-list-item">
											<a href="mailto:bludau-wachholz@radio21.de">

												<span class="elementor-icon-list-icon">
							<svg xmlns="http://www.w3.org/2000/svg" width="21" height="20" viewbox="0 0 21 20" fill="none"><path d="M12.255 12.2536C11.7326 12.5853 11.1257 12.7607 10.5 12.7607C9.87435 12.7607 9.26748 12.5853 8.74502 12.2536L0.139822 6.78983C0.0920801 6.75951 0.0455684 6.72791 0 6.69541V15.6484C0 16.6749 0.874658 17.4896 1.93319 17.4896H19.0668C20.1446 17.4896 21 16.6565 21 15.6484V6.69537C20.9543 6.72795 20.9077 6.75963 20.8598 6.78998L12.255 12.2536Z" fill="#004994"></path><path d="M0.822363 5.81475L9.42756 11.2786C9.75331 11.4854 10.1266 11.5888 10.5 11.5888C10.8733 11.5888 11.2467 11.4854 11.5724 11.2786L20.1776 5.81475C20.6926 5.48799 21 4.94112 21 4.35088C21 3.336 20.1331 2.51038 19.0675 2.51038H1.93253C0.866947 2.51042 0 3.33604 0 4.35186C0 4.94112 0.307453 5.48799 0.822363 5.81475Z" fill="#004994"></path></svg>						</span>
										<span class="elementor-icon-list-text">bludau-wachholz@radio21.de</span>
											</a>
									</li>
						</ul>
						</div>
				</div>
				</div>
		<div class="elementor-element elementor-element-adddc72 e-con-full e-flex e-con e-child" data-id="adddc72" data-element_type="container" data-e-type="container" data-settings="{&quot;background_background&quot;:&quot;classic&quot;}">
				<div class="elementor-element elementor-element-85130b4 elementor-widget elementor-widget-heading" data-id="85130b4" data-element_type="widget" data-e-type="widget" data-widget_type="heading.default">
				<div class="elementor-widget-container">
					<h3 class="elementor-heading-title elementor-size-default">Dla osób zainteresowanych programem etapowym 2026 na obszarach operatorskich:</h3>				</div>
				</div>
				<div class="elementor-element elementor-element-8cb5e68 elementor-widget elementor-widget-text-editor" data-id="8cb5e68" data-element_type="widget" data-e-type="widget" data-widget_type="text-editor.default">
				<div class="elementor-widget-container">
									W zależności od przestrzeni i koncepcji, nasze firmy cateringowe oferują własny program. Prosimy o bezpośredni kontakt z operatorami:								</div>
				</div>
				<div class="elementor-element elementor-element-8b15426 elementor-mobile-align-left elementor-widget elementor-widget-button" data-id="8b15426" data-element_type="widget" data-e-type="widget" data-widget_type="button.default">
				<div class="elementor-widget-container">
									<div class="elementor-button-wrapper">
					<a class="elementor-button elementor-button-link elementor-size-sm" href="/pl/gastronomie/">
						<span class="elementor-button-content-wrapper">
						<span class="elementor-button-icon">
				<svg aria-hidden="true" class="e-font-icon-svg e-fas-angle-right" viewbox="0 0 256 512" xmlns="http://www.w3.org/2000/svg"><path d="M224.3 273l-136 136c-9.4 9.4-24.6 9.4-33.9 0l-22.6-22.6c-9.4-9.4-9.4-24.6 0-33.9l96.4-96.4-96.4-96.4c-9.4-9.4-9.4-24.6 0-33.9L54.3 103c9.4-9.4 24.6-9.4 33.9 0l136 136c9.5 9.4 9.5 24.6.1 34z"></path></svg>			</span>
									<span class="elementor-button-text">Gastronomia</span>
					</span>
					</a>
				</div>
								</div>
				</div>
				<div class="elementor-element elementor-element-0c7cce7 elementor-widget elementor-widget-text-editor" data-id="0c7cce7" data-element_type="widget" data-e-type="widget" data-widget_type="text-editor.default">
				<div class="elementor-widget-container">
									<p>To samo dotyczy osób zainteresowanych pracą w gastronomii.</p>								</div>
				</div>
				</div>
					</div>
				</div>
				</div>

<p>Hinweis: Das Programm für das Maschseefest 2026 steht. Bewerbungen für unsere Maschseebühne sowie die weiteren Bühnen um den See können für diesen Sommer nicht mehr berücksichtigt werden. Wir freuen uns auf eure Bewerbungen ab dem Winter für 2027! Für Interessierte am Bühnenprogramm 2026 auf der Hauptbühne: Zum aktuellen Zeitpunkt können Sie sich bezüglich des Bühnenprogramms [&hellip;]</p>
