{"id":6361,"date":"2025-07-02T09:01:14","date_gmt":"2025-07-02T07:01:14","guid":{"rendered":"https:\/\/www.maschseefest.de\/?post_type=cpt_veranstaltungen&#038;p=6361"},"modified":"2026-04-30T17:34:14","modified_gmt":"2026-04-30T15:34:14","slug":"copy-3","status":"archive","type":"cpt_veranstaltungen","link":"https:\/\/www.maschseefest.de\/tr\/veranstaltungen\/copy-3\/","title":{"rendered":"Y\u00fczba\u015f\u0131 Taylor"},"author":7,"template":"","class_list":["post-6361","cpt_veranstaltungen","type-cpt_veranstaltungen","status-archive","hentry"],"_links":{"self":[{"href":"https:\/\/www.maschseefest.de\/tr\/wp-json\/wp\/v2\/cpt_veranstaltungen\/6361","targetHints":{"allow":["GET"]}}],"collection":[{"href":"https:\/\/www.maschseefest.de\/tr\/wp-json\/wp\/v2\/cpt_veranstaltungen"}],"about":[{"href":"https:\/\/www.maschseefest.de\/tr\/wp-json\/wp\/v2\/types\/cpt_veranstaltungen"}],"author":[{"embeddable":true,"href":"https:\/\/www.maschseefest.de\/tr\/wp-json\/wp\/v2\/users\/7"}],"wp:attachment":[{"href":"https:\/\/www.maschseefest.de\/tr\/wp-json\/wp\/v2\/media?parent=6361"}],"curies":[{"name":"wp","href":"https:\/\/api.w.org\/{rel}","templated":true}]}}

Yüzbaşı Taylor
