{"id":3285,"date":"2024-07-11T13:40:18","date_gmt":"2024-07-11T11:40:18","guid":{"rendered":"http:\/\/web5.s149.goserver.host\/an-und-abreise\/nunav-copy\/"},"modified":"2024-07-11T16:59:41","modified_gmt":"2024-07-11T14:59:41","slug":"fahrrad","status":"publish","type":"page","link":"https:\/\/www.maschseefest.de\/tr\/an-und-abreise\/fahrrad\/","title":{"rendered":"Bisikletle seyahat"},"content":{"rendered":"<div data-elementor-type=\"wp-page\" data-elementor-id=\"3285\" class=\"elementor elementor-3285\" data-elementor-post-type=\"page\">\n\t\t\t\t<div class=\"elementor-element elementor-element-2bae53e e-flex e-con-boxed e-con e-parent\" data-id=\"2bae53e\" data-element_type=\"container\" data-e-type=\"container\">\n\t\t\t\t\t<div class=\"e-con-inner\">\n\t\t\t\t<div class=\"elementor-element elementor-element-19e148a elementor-widget elementor-widget-heading\" data-id=\"19e148a\" data-element_type=\"widget\" data-e-type=\"widget\" data-widget_type=\"heading.default\">\n\t\t\t\t<div class=\"elementor-widget-container\">\n\t\t\t\t\t<h3 class=\"elementor-heading-title elementor-size-default\">Seyahat etmenin en \u00e7evre dostu yolu iki tekerlek \u00fczerinde<\/h3>\t\t\t\t<\/div>\n\t\t\t\t<\/div>\n\t\t\t\t<div class=\"elementor-element elementor-element-7b214a4 elementor-widget elementor-widget-heading\" data-id=\"7b214a4\" data-element_type=\"widget\" data-e-type=\"widget\" data-widget_type=\"heading.default\">\n\t\t\t\t<div class=\"elementor-widget-container\">\n\t\t\t\t\t<h3 class=\"elementor-heading-title elementor-size-default\">Bisikletle seyahat i\u00e7in ipu\u00e7lar\u0131<\/h3>\t\t\t\t<\/div>\n\t\t\t\t<\/div>\n\t\t\t\t<div class=\"elementor-element elementor-element-b6088b3 elementor-widget elementor-widget-text-editor\" data-id=\"b6088b3\" data-element_type=\"widget\" data-e-type=\"widget\" data-widget_type=\"text-editor.default\">\n\t\t\t\t<div class=\"elementor-widget-container\">\n\t\t\t\t\t\t\t\t\t<p>Maschseefest 2024 i\u00e7in (in\u015faat ve s\u00f6k\u00fcm s\u0131ras\u0131nda ve Maschseefest s\u00fcresince), Rudolf-von-Bennigsen-Ufer'in do\u011fu taraf\u0131nda Altenbekener Damm ve Kurt-Schwitters-Platz aras\u0131nda \u015fehre giden bisiklet yolu anayol \u00fczerine ta\u015f\u0131nacakt\u0131r. Do\u011frudan Maschsee \u00fczerindeki bisiklet yoluna bu s\u00fcre zarf\u0131nda eri\u015filemeyecektir.<\/p><p><strong>Bisiklet park yerleri burada yer almaktad\u0131r:<br \/><\/strong>\u00a0\u00a0\u00a0 Karl-Thiele-Weg (\u00e7ocuk \u00e7ay\u0131r\u0131)<br \/>\u00a0\u00a0\u00a0 G\u00f6l kenar\u0131ndaki bira bah\u00e7esi ve \u00e7ocuk \u00e7ay\u0131r\u0131 aras\u0131nda<br \/>\u00a0\u00a0\u00a0 Sprengel M\u00fczesi<br \/>\u00a0\u00a0\u00a0 Y\u00fckseklik Geibelstra\u00dfe<br \/>\u00a0\u00a0\u00a0 Aslan Tabyas\u0131<br \/>\u00a0\u00a0\u00a0 G\u00fcney Yakas\u0131<br \/>\u00a0\u00a0\u00a0 Maschsee P\u0131nar\u0131<\/p><p><strong>\u0130pucu:<\/strong> S\u00fcdstadt'ta bisikletler bir bu\u00e7uk kilometre boyunca ge\u00e7i\u015f hakk\u0131na sahiptir. Altenbekener Damm ve B\u00fcrgemeister-Fink-Stra\u00dfe aras\u0131ndaki Alte D\u00f6hrener Stra\u00dfe, t\u0131pk\u0131 kuzeydeki kom\u015fu Meterstra\u00dfe ve Maschstra\u00dfe gibi bisiklet yolu olarak belirlenmi\u015ftir.<\/p><p><strong>Dikkat:<\/strong> Alkol\u00fcn etkisi alt\u0131ndayken bisiklete binmek de yasakt\u0131r. \u015e\u00fcpheniz varsa, bisikletinizi eve itin!<\/p>\t\t\t\t\t\t\t\t<\/div>\n\t\t\t\t<\/div>\n\t\t\t\t<div class=\"elementor-element elementor-element-e1b4dac elementor-widget elementor-widget-image\" data-id=\"e1b4dac\" data-element_type=\"widget\" data-e-type=\"widget\" data-widget_type=\"image.default\">\n\t\t\t\t<div class=\"elementor-widget-container\">\n\t\t\t\t\t\t\t\t\t\t\t\t\t\t\t<img fetchpriority=\"high\" decoding=\"async\" width=\"2048\" height=\"1318\" src=\"https:\/\/www.maschseefest.de\/wp-content\/uploads\/2024\/07\/Radfahren-in-Hannover_Lars-Gerhardts-89-2048x1318.jpg\" class=\"attachment-2048x2048 size-2048x2048 wp-image-1691\" alt=\"Fahrradfahrerin von hinten f\u00e4hrt auf dem Radweg am Ostufer des Maschsees\" srcset=\"https:\/\/www.maschseefest.de\/wp-content\/uploads\/2024\/07\/Radfahren-in-Hannover_Lars-Gerhardts-89-2048x1318.jpg 2048w, https:\/\/www.maschseefest.de\/wp-content\/uploads\/2024\/07\/Radfahren-in-Hannover_Lars-Gerhardts-89-300x193.jpg 300w, https:\/\/www.maschseefest.de\/wp-content\/uploads\/2024\/07\/Radfahren-in-Hannover_Lars-Gerhardts-89-1024x659.jpg 1024w, https:\/\/www.maschseefest.de\/wp-content\/uploads\/2024\/07\/Radfahren-in-Hannover_Lars-Gerhardts-89-768x494.jpg 768w, https:\/\/www.maschseefest.de\/wp-content\/uploads\/2024\/07\/Radfahren-in-Hannover_Lars-Gerhardts-89-1536x988.jpg 1536w\" sizes=\"(max-width: 2048px) 100vw, 2048px\" \/>\t\t\t\t\t\t\t\t\t\t\t\t\t\t\t<\/div>\n\t\t\t\t<\/div>\n\t\t\t\t\t<\/div>\n\t\t\t\t<\/div>\n\t\t\t\t<\/div>","protected":false},"excerpt":{"rendered":"<p>Auto stehen lassen Reist m\u00f6glichst mit \u00f6ffentlichen Verkehrsmitteln an! Reist gem\u00fctlich mit MOIA oder dem Taxi an- oder ab und genie\u00dft das Maschseefest ohne l\u00e4stige Parkplatzsuche. Mit MOIA gelangt ihr entspannt zum Fest \u2013 rund um den See gibt es mehrere Haltepunkte Anreise mit MOIA So nah ans Fest, wie es nur geht: Bucht euer [&hellip;]<\/p>\n","protected":false},"author":4,"featured_media":1693,"parent":1126,"menu_order":0,"comment_status":"closed","ping_status":"closed","template":"","meta":{"footnotes":""},"class_list":["post-3285","page","type-page","status-publish","has-post-thumbnail","hentry"],"_links":{"self":[{"href":"https:\/\/www.maschseefest.de\/tr\/wp-json\/wp\/v2\/pages\/3285","targetHints":{"allow":["GET"]}}],"collection":[{"href":"https:\/\/www.maschseefest.de\/tr\/wp-json\/wp\/v2\/pages"}],"about":[{"href":"https:\/\/www.maschseefest.de\/tr\/wp-json\/wp\/v2\/types\/page"}],"author":[{"embeddable":true,"href":"https:\/\/www.maschseefest.de\/tr\/wp-json\/wp\/v2\/users\/4"}],"replies":[{"embeddable":true,"href":"https:\/\/www.maschseefest.de\/tr\/wp-json\/wp\/v2\/comments?post=3285"}],"version-history":[{"count":19,"href":"https:\/\/www.maschseefest.de\/tr\/wp-json\/wp\/v2\/pages\/3285\/revisions"}],"predecessor-version":[{"id":3459,"href":"https:\/\/www.maschseefest.de\/tr\/wp-json\/wp\/v2\/pages\/3285\/revisions\/3459"}],"up":[{"embeddable":true,"href":"https:\/\/www.maschseefest.de\/tr\/wp-json\/wp\/v2\/pages\/1126"}],"wp:featuredmedia":[{"embeddable":true,"href":"https:\/\/www.maschseefest.de\/tr\/wp-json\/wp\/v2\/media\/1693"}],"wp:attachment":[{"href":"https:\/\/www.maschseefest.de\/tr\/wp-json\/wp\/v2\/media?parent=3285"}],"curies":[{"name":"wp","href":"https:\/\/api.w.org\/{rel}","templated":true}]}}

<div data-elementor-type="wp-page" data-elementor-id="3285" class="elementor elementor-3285" data-elementor-post-type="page">
				<div class="elementor-element elementor-element-2bae53e e-flex e-con-boxed e-con e-parent" data-id="2bae53e" data-element_type="container" data-e-type="container">
					<div class="e-con-inner">
				<div class="elementor-element elementor-element-19e148a elementor-widget elementor-widget-heading" data-id="19e148a" data-element_type="widget" data-e-type="widget" data-widget_type="heading.default">
				<div class="elementor-widget-container">
					<h3 class="elementor-heading-title elementor-size-default">Seyahat etmenin en çevre dostu yolu iki tekerlek üzerinde</h3>				</div>
				</div>
				<div class="elementor-element elementor-element-7b214a4 elementor-widget elementor-widget-heading" data-id="7b214a4" data-element_type="widget" data-e-type="widget" data-widget_type="heading.default">
				<div class="elementor-widget-container">
					<h3 class="elementor-heading-title elementor-size-default">Bisikletle seyahat için ipuçları</h3>				</div>
				</div>
				<div class="elementor-element elementor-element-b6088b3 elementor-widget elementor-widget-text-editor" data-id="b6088b3" data-element_type="widget" data-e-type="widget" data-widget_type="text-editor.default">
				<div class="elementor-widget-container">
									<p>Maschseefest 2024 için (inşaat ve söküm sırasında ve Maschseefest süresince), Rudolf-von-Bennigsen-Ufer'in doğu tarafında Altenbekener Damm ve Kurt-Schwitters-Platz arasında şehre giden bisiklet yolu anayol üzerine taşınacaktır. Doğrudan Maschsee üzerindeki bisiklet yoluna bu süre zarfında erişilemeyecektir.</p><p><strong>Bisiklet park yerleri burada yer almaktadır:<br /></strong>    Karl-Thiele-Weg (çocuk çayırı)<br />    Göl kenarındaki bira bahçesi ve çocuk çayırı arasında<br />    Sprengel Müzesi<br />    Yükseklik Geibelstraße<br />    Aslan Tabyası<br />    Güney Yakası<br />    Maschsee Pınarı</p><p><strong>İpucu:</strong> Südstadt'ta bisikletler bir buçuk kilometre boyunca geçiş hakkına sahiptir. Altenbekener Damm ve Bürgemeister-Fink-Straße arasındaki Alte Döhrener Straße, tıpkı kuzeydeki komşu Meterstraße ve Maschstraße gibi bisiklet yolu olarak belirlenmiştir.</p><p><strong>Dikkat:</strong> Alkolün etkisi altındayken bisiklete binmek de yasaktır. Şüpheniz varsa, bisikletinizi eve itin!</p>								</div>
				</div>
				<div class="elementor-element elementor-element-e1b4dac elementor-widget elementor-widget-image" data-id="e1b4dac" data-element_type="widget" data-e-type="widget" data-widget_type="image.default">
				<div class="elementor-widget-container">
															<img fetchpriority="high" decoding="async" width="2048" height="1318" src="https://www.maschseefest.de/wp-content/uploads/2024/07/Radfahren-in-Hannover_Lars-Gerhardts-89-2048x1318.jpg" class="attachment-2048x2048 size-2048x2048 wp-image-1691" alt="Fahrradfahrerin von hinten fährt auf dem Radweg am Ostufer des Maschsees" srcset="https://www.maschseefest.de/wp-content/uploads/2024/07/Radfahren-in-Hannover_Lars-Gerhardts-89-2048x1318.jpg 2048w, https://www.maschseefest.de/wp-content/uploads/2024/07/Radfahren-in-Hannover_Lars-Gerhardts-89-300x193.jpg 300w, https://www.maschseefest.de/wp-content/uploads/2024/07/Radfahren-in-Hannover_Lars-Gerhardts-89-1024x659.jpg 1024w, https://www.maschseefest.de/wp-content/uploads/2024/07/Radfahren-in-Hannover_Lars-Gerhardts-89-768x494.jpg 768w, https://www.maschseefest.de/wp-content/uploads/2024/07/Radfahren-in-Hannover_Lars-Gerhardts-89-1536x988.jpg 1536w" sizes="(max-width: 2048px) 100vw, 2048px" />															</div>
				</div>
					</div>
				</div>
				</div>

<p>Auto stehen lassen Reist möglichst mit öffentlichen Verkehrsmitteln an! Reist gemütlich mit MOIA oder dem Taxi an- oder ab und genießt das Maschseefest ohne lästige Parkplatzsuche. Mit MOIA gelangt ihr entspannt zum Fest – rund um den See gibt es mehrere Haltepunkte Anreise mit MOIA So nah ans Fest, wie es nur geht: Bucht euer [&hellip;]</p>
